CRAN Package Check Results for Package ZINARp

Last updated on 2025-11-04 13:50:29 CET.

Flavor Version Tinstall Tcheck Ttotal Status Flags
r-devel-linux-x86_64-debian-clang 0.1.0 2.05 28.85 30.90 OK
r-devel-linux-x86_64-debian-gcc 0.1.0 1.66 21.01 22.67 OK
r-devel-linux-x86_64-fedora-clang 0.1.0 46.98 NOTE
r-devel-linux-x86_64-fedora-gcc 0.1.0 44.72 NOTE
r-devel-windows-x86_64 0.1.0 4.00 44.00 48.00 OK
r-patched-linux-x86_64 0.1.0 1.66 26.49 28.15 OK
r-release-linux-x86_64 0.1.0 2.07 26.64 28.71 OK
r-release-macos-arm64 0.1.0 2.00 24.00 26.00 OK
r-release-macos-x86_64 0.1.0 2.00 27.00 29.00 OK
r-release-windows-x86_64 0.1.0 3.00 43.00 46.00 OK
r-oldrel-macos-arm64 0.1.0 1.00 17.00 18.00 OK
r-oldrel-macos-x86_64 0.1.0 2.00 26.00 28.00 OK
r-oldrel-windows-x86_64 0.1.0 4.00 52.00 56.00 OK

Check Details

Version: 0.1.0
Check: dependencies in R code
Result: NOTE Namespace in Imports field not imported from: ‘utils’ All declared Imports should be used. Flavors: r-devel-linux-x86_64-fedora-clang, r-devel-linux-x86_64-fedora-gcc

mirror server hosted at Truenetwork, Russian Federation.