Last updated on 2024-06-29 12:48:10 CEST.
Flavor | Version | Tinstall | Tcheck | Ttotal | Status | Flags |
---|---|---|---|---|---|---|
r-devel-linux-x86_64-debian-clang | 0.4.0 | 564.22 | 43.29 | 607.51 | NOTE | |
r-devel-linux-x86_64-debian-gcc | 0.4.0 | 431.71 | 32.45 | 464.16 | NOTE | |
r-devel-linux-x86_64-fedora-clang | 0.4.0 | 866.60 | NOTE | |||
r-devel-linux-x86_64-fedora-gcc | 0.4.0 | 1048.49 | NOTE | |||
r-devel-windows-x86_64 | 0.4.0 | 432.00 | 91.00 | 523.00 | NOTE | |
r-patched-linux-x86_64 | 0.4.0 | 509.56 | 41.33 | 550.89 | NOTE | |
r-release-linux-x86_64 | 0.4.0 | 519.56 | 41.31 | 560.87 | NOTE | |
r-release-macos-arm64 | 0.4.0 | 185.00 | NOTE | |||
r-release-macos-x86_64 | 0.4.0 | 130.00 | NOTE | |||
r-release-windows-x86_64 | 0.4.0 | 431.00 | 90.00 | 521.00 | NOTE | |
r-oldrel-macos-arm64 | 0.4.0 | 226.00 | NOTE | |||
r-oldrel-macos-x86_64 | 0.4.0 | 408.00 | NOTE | |||
r-oldrel-windows-x86_64 | 0.4.0 | 526.00 | 104.00 | 630.00 | NOTE |
Version: 0.4.0
Check: C++ specification
Result: NOTE
Specified C++11: please drop specification unless essential
Flavors: r-devel-linux-x86_64-debian-clang, r-devel-linux-x86_64-debian-gcc, r-devel-linux-x86_64-fedora-clang, r-devel-linux-x86_64-fedora-gcc, r-devel-windows-x86_64, r-patched-linux-x86_64, r-release-linux-x86_64, r-release-macos-arm64, r-release-macos-x86_64, r-release-windows-x86_64, r-oldrel-macos-arm64, r-oldrel-macos-x86_64, r-oldrel-windows-x86_64
Version: 0.4.0
Check: Rd files
Result: NOTE
checkRd: (-1) abclass.Rd:133: Lost braces; missing escapes or markup?
133 | \code{abclass.control()} returns an object of class {abclass.control}
| ^
checkRd: (-1) supclass.Rd:109: Lost braces; missing escapes or markup?
109 | to solve the equivalent linear programming problem via the package {Rglpk}.
| ^
checkRd: (-1) supclass.Rd:110: Lost braces; missing escapes or markup?
110 | It is recommended to use a recent version of {GLPK}.
| ^
Flavors: r-devel-linux-x86_64-debian-clang, r-devel-linux-x86_64-debian-gcc, r-devel-linux-x86_64-fedora-clang, r-devel-linux-x86_64-fedora-gcc, r-devel-windows-x86_64, r-patched-linux-x86_64, r-release-linux-x86_64, r-release-macos-arm64, r-release-macos-x86_64, r-release-windows-x86_64
Version: 0.4.0
Check: installed package size
Result: NOTE
installed size is 29.7Mb
sub-directories of 1Mb or more:
libs 29.2Mb
Flavors: r-release-macos-arm64, r-release-macos-x86_64, r-oldrel-macos-arm64, r-oldrel-macos-x86_64