Last updated on 2024-06-27 00:55:58 CEST.
Flavor | Version | Tinstall | Tcheck | Ttotal | Status | Flags |
---|---|---|---|---|---|---|
r-devel-linux-x86_64-debian-clang | 0.1.0 | NOTE | ||||
r-devel-linux-x86_64-debian-gcc | 0.1.0 | 5.60 | 51.59 | 57.19 | NOTE | |
r-devel-linux-x86_64-fedora-clang | 0.1.0 | 97.62 | NOTE | |||
r-devel-linux-x86_64-fedora-gcc | 0.1.0 | 105.18 | NOTE | |||
r-devel-windows-x86_64 | 0.1.0 | 8.00 | 74.00 | 82.00 | NOTE | |
r-patched-linux-x86_64 | 0.1.0 | 6.71 | 64.28 | 70.99 | NOTE | |
r-release-linux-x86_64 | 0.1.0 | 5.37 | 64.40 | 69.77 | NOTE | |
r-release-macos-arm64 | 0.1.0 | 36.00 | NOTE | |||
r-release-macos-x86_64 | 0.1.0 | 59.00 | NOTE | |||
r-release-windows-x86_64 | 0.1.0 | 8.00 | 75.00 | 83.00 | NOTE | |
r-oldrel-macos-arm64 | 0.1.0 | 36.00 | NOTE | |||
r-oldrel-macos-x86_64 | 0.1.0 | 58.00 | NOTE | |||
r-oldrel-windows-x86_64 | 0.1.0 | 10.00 | 85.00 | 95.00 | NOTE |
Version: 0.1.0
Check: LazyData
Result: NOTE
'LazyData' is specified without a 'data' directory
Flavors: r-devel-linux-x86_64-debian-clang, r-devel-linux-x86_64-debian-gcc, r-devel-linux-x86_64-fedora-clang, r-devel-linux-x86_64-fedora-gcc, r-devel-windows-x86_64, r-patched-linux-x86_64, r-release-linux-x86_64, r-release-macos-arm64, r-release-macos-x86_64, r-release-windows-x86_64, r-oldrel-macos-arm64, r-oldrel-macos-x86_64, r-oldrel-windows-x86_64