Last updated on 2025-11-04 05:51:04 CET.
| Flavor | Version | Tinstall | Tcheck | Ttotal | Status | Flags | 
|---|---|---|---|---|---|---|
| r-devel-linux-x86_64-debian-clang | 0.2 | 6.42 | 56.89 | 63.31 | NOTE | |
| r-devel-linux-x86_64-debian-gcc | 0.2 | 4.98 | 41.14 | 46.12 | NOTE | |
| r-devel-linux-x86_64-fedora-clang | 0.2 | 11.00 | 87.51 | 98.51 | OK | |
| r-devel-linux-x86_64-fedora-gcc | 0.2 | 13.00 | 79.16 | 92.16 | OK | |
| r-devel-windows-x86_64 | 0.2 | 8.00 | 71.00 | 79.00 | OK | |
| r-patched-linux-x86_64 | 0.2 | 5.85 | 53.07 | 58.92 | OK | |
| r-release-linux-x86_64 | 0.2 | 5.62 | 54.04 | 59.66 | OK | |
| r-release-macos-arm64 | 0.2 | 2.00 | 24.00 | 26.00 | OK | |
| r-release-macos-x86_64 | 0.2 | 4.00 | 44.00 | 48.00 | OK | |
| r-release-windows-x86_64 | 0.2 | 7.00 | 70.00 | 77.00 | OK | |
| r-oldrel-macos-arm64 | 0.2 | 2.00 | 23.00 | 25.00 | OK | |
| r-oldrel-macos-x86_64 | 0.2 | 4.00 | 40.00 | 44.00 | OK | |
| r-oldrel-windows-x86_64 | 0.2 | 10.00 | 87.00 | 97.00 | OK | 
Version: 0.2
Check: CRAN incoming feasibility
Result: NOTE
  Maintainer: ‘livio finos <livio.finos@unipd.it>’
  
  No Authors@R field in DESCRIPTION.
  Please add one, modifying
    Authors@R: person(given = "Livio",
                      family = "Finos",
                      role = c("aut", "cre"),
                      email = "livio.finos@unipd.it")
  as necessary.
Flavors: r-devel-linux-x86_64-debian-clang, r-devel-linux-x86_64-debian-gcc