Last updated on 2025-11-03 05:50:34 CET.
| Flavor | Version | Tinstall | Tcheck | Ttotal | Status | Flags | 
|---|---|---|---|---|---|---|
| r-devel-linux-x86_64-debian-clang | 0.9.4 | 3.89 | 38.72 | 42.61 | NOTE | |
| r-devel-linux-x86_64-debian-gcc | 0.9.4 | 3.03 | 27.46 | 30.49 | NOTE | |
| r-devel-linux-x86_64-fedora-clang | 0.9.4 | 65.86 | OK | |||
| r-devel-linux-x86_64-fedora-gcc | 0.9.4 | 11.00 | 52.33 | 63.33 | OK | |
| r-devel-windows-x86_64 | 0.9.4 | 6.00 | 50.00 | 56.00 | OK | |
| r-patched-linux-x86_64 | 0.9.4 | 4.29 | 36.15 | 40.44 | OK | |
| r-release-linux-x86_64 | 0.9.4 | 4.23 | 35.82 | 40.05 | OK | |
| r-release-macos-arm64 | 0.9.4 | 2.00 | 19.00 | 21.00 | OK | |
| r-release-macos-x86_64 | 0.9.4 | 5.00 | 31.00 | 36.00 | OK | |
| r-release-windows-x86_64 | 0.9.4 | 5.00 | 49.00 | 54.00 | OK | |
| r-oldrel-macos-arm64 | 0.9.4 | 2.00 | 24.00 | 26.00 | OK | |
| r-oldrel-macos-x86_64 | 0.9.4 | 4.00 | 26.00 | 30.00 | OK | |
| r-oldrel-windows-x86_64 | 0.9.4 | 7.00 | 59.00 | 66.00 | OK | 
Version: 0.9.4
Check: CRAN incoming feasibility
Result: NOTE
  Maintainer: ‘Tomas Bacigal <bacigal@math.sk>’
  
  No Authors@R field in DESCRIPTION.
  Please add one, modifying
    Authors@R: person(given = "Tomas",
                      family = "Bacigal",
                      role = c("aut", "cre"),
                      email = "bacigal@math.sk")
  as necessary.
Flavors: r-devel-linux-x86_64-debian-clang, r-devel-linux-x86_64-debian-gcc