CRAN Package Check Results for Package acp

Last updated on 2025-11-03 11:49:35 CET.

Flavor Version Tinstall Tcheck Ttotal Status Flags
r-devel-linux-x86_64-debian-clang 2.1 3.59 35.83 39.42 NOTE
r-devel-linux-x86_64-debian-gcc 2.1 2.70 27.46 30.16 NOTE
r-devel-linux-x86_64-fedora-clang 2.1 56.86 OK
r-devel-linux-x86_64-fedora-gcc 2.1 54.94 OK
r-devel-windows-x86_64 2.1 5.00 56.00 61.00 OK
r-patched-linux-x86_64 2.1 2.81 33.84 36.65 OK
r-release-linux-x86_64 2.1 3.52 33.94 37.46 OK
r-release-macos-arm64 2.1 2.00 24.00 26.00 OK
r-release-macos-x86_64 2.1 4.00 37.00 41.00 OK
r-release-windows-x86_64 2.1 5.00 55.00 60.00 OK
r-oldrel-macos-arm64 2.1 2.00 19.00 21.00 OK
r-oldrel-macos-x86_64 2.1 4.00 39.00 43.00 OK
r-oldrel-windows-x86_64 2.1 8.00 63.00 71.00 OK

Check Details

Version: 2.1
Check: CRAN incoming feasibility
Result: NOTE Maintainer: ‘Siakoulis Vasilios <Siakoulis.Vasilios@atticabank.gr>’ No Authors@R field in DESCRIPTION. Please add one, modifying Authors@R: c(person(given = "Siakoulis", family = "Vasileios", role = "aut"), person(given = "Siakoulis", family = "Vasilios", role = "cre", email = "Siakoulis.Vasilios@atticabank.gr")) as necessary. Flavors: r-devel-linux-x86_64-debian-clang, r-devel-linux-x86_64-debian-gcc

mirror server hosted at Truenetwork, Russian Federation.