Last updated on 2025-11-24 11:50:00 CET.
| Flavor | Version | Tinstall | Tcheck | Ttotal | Status | Flags |
|---|---|---|---|---|---|---|
| r-devel-linux-x86_64-debian-clang | 1.1.1 | 35.34 | 36.07 | 71.41 | NOTE | |
| r-devel-linux-x86_64-debian-gcc | 1.1.1 | 22.64 | 26.35 | 48.99 | NOTE | |
| r-devel-linux-x86_64-fedora-clang | 1.1.1 | 66.00 | 67.27 | 133.27 | NOTE | |
| r-devel-windows-x86_64 | 1.1.1 | 49.00 | 71.00 | 120.00 | OK | |
| r-patched-linux-x86_64 | 1.1.1 | 39.18 | 33.79 | 72.97 | OK | |
| r-release-linux-x86_64 | 1.1.1 | 38.15 | 33.61 | 71.76 | OK | |
| r-release-macos-arm64 | 1.1.1 | OK | ||||
| r-release-macos-x86_64 | 1.1.1 | 26.00 | 52.00 | 78.00 | OK | |
| r-release-windows-x86_64 | 1.1.1 | 44.00 | 72.00 | 116.00 | OK | |
| r-oldrel-macos-arm64 | 1.1.1 | OK | ||||
| r-oldrel-macos-x86_64 | 1.1.1 | 14.00 | 37.00 | 51.00 | OK | |
| r-oldrel-windows-x86_64 | 1.1.1 | 51.00 | 88.00 | 139.00 | OK |
Version: 1.1.1
Check: CRAN incoming feasibility
Result: NOTE
Maintainer: ‘Nathan Wycoff <nathan.wycoff@georgetown.edu>’
No Authors@R field in DESCRIPTION.
Please add one, modifying
Authors@R: c(person(given = "Nathan",
family = "Wycoff",
role = c("aut", "cre"),
email = "nathan.wycoff@georgetown.edu"),
person(given = "Mickael",
family = "Binois",
role = "aut"))
as necessary.
Flavors: r-devel-linux-x86_64-debian-clang, r-devel-linux-x86_64-debian-gcc
Version: 1.1.1
Check: dependencies in R code
Result: NOTE
Namespaces in Imports field not imported from:
‘MASS’ ‘RcppProgress’
All declared Imports should be used.
Flavor: r-devel-linux-x86_64-fedora-clang