CRAN Package Check Results for Package actuaRE

Last updated on 2025-07-11 18:52:11 CEST.

Flavor Version Tinstall Tcheck Ttotal Status Flags
r-devel-linux-x86_64-debian-clang 0.1.5 14.90 121.65 136.55 NOTE
r-devel-linux-x86_64-debian-gcc 0.1.5 9.58 87.14 96.72 NOTE
r-devel-linux-x86_64-fedora-clang 0.1.5 223.96 OK
r-devel-linux-x86_64-fedora-gcc 0.1.5 286.19 OK
r-devel-windows-x86_64 0.1.5 16.00 125.00 141.00 NOTE
r-patched-linux-x86_64 0.1.5 14.70 116.05 130.75 NOTE
r-release-linux-x86_64 0.1.5 12.63 115.04 127.67 NOTE
r-release-macos-arm64 0.1.5 96.00 OK
r-release-macos-x86_64 0.1.5 185.00 OK
r-release-windows-x86_64 0.1.5 15.00 129.00 144.00 NOTE
r-oldrel-macos-arm64 0.1.5 82.00 OK
r-oldrel-macos-x86_64 0.1.5 126.00 OK
r-oldrel-windows-x86_64 0.1.5 20.00 168.00 188.00 OK

Check Details

Version: 0.1.5
Check: Rd cross-references
Result: NOTE Found the following Rd file(s) with Rd \link{} targets missing package anchors: adjustIntercept.Rd: cpglm, cpglmm, data.table findbars.Rd: mkRespMod, mkReTrms, nlformula, subbars plotRE.Rd: ggplot2, ggplot weights-actuaRE.Rd: cpglm Please provide package anchors for all Rd \link{} targets not in the package itself and the base packages. Flavors: r-devel-linux-x86_64-debian-clang, r-devel-linux-x86_64-debian-gcc, r-devel-windows-x86_64, r-patched-linux-x86_64, r-release-linux-x86_64, r-release-windows-x86_64

mirror server hosted at Truenetwork, Russian Federation.