CRAN Package Check Results for Package adabag

Last updated on 2025-05-22 18:51:59 CEST.

Flavor Version Tinstall Tcheck Ttotal Status Flags
r-devel-linux-x86_64-debian-clang 5.0 17.18 132.03 149.21 NOTE
r-devel-linux-x86_64-debian-gcc 5.0 10.52 94.48 105.00 NOTE
r-devel-linux-x86_64-fedora-clang 5.0 229.47 OK
r-devel-linux-x86_64-fedora-gcc 5.0 230.51 OK
r-devel-windows-x86_64 5.0 18.00 151.00 169.00 NOTE
r-patched-linux-x86_64 5.0 14.38 122.22 136.60 NOTE
r-release-linux-x86_64 5.0 15.52 123.23 138.75 NOTE
r-release-macos-arm64 5.0 61.00 OK
r-release-macos-x86_64 5.0 110.00 OK
r-release-windows-x86_64 5.0 18.00 164.00 182.00 NOTE
r-oldrel-macos-arm64 5.0 60.00 OK
r-oldrel-macos-x86_64 5.0 83.00 OK
r-oldrel-windows-x86_64 5.0 23.00 168.00 191.00 OK

Check Details

Version: 5.0
Check: CRAN incoming feasibility
Result: NOTE Maintainer: ‘Esteban Alfaro <Esteban.Alfaro@uclm.es>’ No Authors@R field in DESCRIPTION. Please add one, modifying Authors@R: c(person(family = "Alfaro", role = "aut"), person(given = "Esteban;", family = "Gamez", role = "aut"), person(family = "Matias", role = "aut"), person(family = "Garcia", role = "aut"), person(given = c("Noelia;", "with", "contributions", "from", "L."), family = "Guo", role = "aut"), person(given = "A.", family = "Albano", role = "aut"), person(given = "M.", family = "Sciandra", role = "aut"), person(given = "A.", family = "Plaia", role = "aut"), person(given = "Esteban", family = "Alfaro", role = "cre", email = "Esteban.Alfaro@uclm.es")) as necessary. Flavors: r-devel-linux-x86_64-debian-clang, r-devel-linux-x86_64-debian-gcc

Version: 5.0
Check: Rd cross-references
Result: NOTE Found the following Rd file(s) with Rd \link{} targets missing package anchors: autoprune.rd: rpart Please provide package anchors for all Rd \link{} targets not in the package itself and the base packages. Flavors: r-devel-linux-x86_64-debian-clang, r-devel-linux-x86_64-debian-gcc, r-devel-windows-x86_64, r-patched-linux-x86_64, r-release-linux-x86_64, r-release-windows-x86_64

mirror server hosted at Truenetwork, Russian Federation.