CRAN Package Check Results for Package adagio

Last updated on 2025-11-02 17:49:31 CET.

Flavor Version Tinstall Tcheck Ttotal Status Flags
r-devel-linux-x86_64-debian-clang 0.9.2 4.01 32.15 36.16 NOTE
r-devel-linux-x86_64-debian-gcc 0.9.2 2.62 23.79 26.41 NOTE
r-devel-linux-x86_64-fedora-clang 0.9.2 53.80 NOTE
r-devel-linux-x86_64-fedora-gcc 0.9.2 19.00 38.16 57.16 NOTE
r-devel-windows-x86_64 0.9.2 4.00 52.00 56.00 OK
r-patched-linux-x86_64 0.9.2 4.40 30.46 34.86 OK
r-release-linux-x86_64 0.9.2 3.74 30.36 34.10 OK
r-release-macos-arm64 0.9.2 2.00 17.00 19.00 OK
r-release-macos-x86_64 0.9.2 4.00 31.00 35.00 OK
r-release-windows-x86_64 0.9.2 4.00 51.00 55.00 OK
r-oldrel-macos-arm64 0.9.2 2.00 21.00 23.00 OK
r-oldrel-macos-x86_64 0.9.2 3.00 29.00 32.00 OK
r-oldrel-windows-x86_64 0.9.2 5.00 51.00 56.00 OK

Check Details

Version: 0.9.2
Check: Rd files
Result: NOTE checkRd: (-1) testfunctions.Rd:61-67: Only 2 columns allowed in this table (row 3 has 1) Flavors: r-devel-linux-x86_64-debian-clang, r-devel-linux-x86_64-debian-gcc, r-devel-linux-x86_64-fedora-clang, r-devel-linux-x86_64-fedora-gcc

mirror server hosted at Truenetwork, Russian Federation.