Last updated on 2024-06-29 12:48:10 CEST.
Flavor | Version | Tinstall | Tcheck | Ttotal | Status | Flags |
---|---|---|---|---|---|---|
r-devel-linux-x86_64-debian-clang | 0.1.1 | 8.63 | 43.03 | 51.66 | OK | |
r-devel-linux-x86_64-debian-gcc | 0.1.1 | 5.04 | 33.26 | 38.30 | OK | |
r-devel-linux-x86_64-fedora-clang | 0.1.1 | 63.37 | OK | |||
r-devel-linux-x86_64-fedora-gcc | 0.1.1 | 61.31 | OK | |||
r-devel-windows-x86_64 | 0.1.1 | 7.00 | 53.00 | 60.00 | OK | |
r-patched-linux-x86_64 | 0.1.1 | 9.28 | 42.41 | 51.69 | OK | |
r-release-linux-x86_64 | 0.1.1 | 6.98 | 42.74 | 49.72 | OK | |
r-release-macos-arm64 | 0.1.1 | 24.00 | OK | |||
r-release-macos-x86_64 | 0.1.1 | 55.00 | NOTE | |||
r-release-windows-x86_64 | 0.1.1 | 7.00 | 52.00 | 59.00 | OK | |
r-oldrel-macos-arm64 | 0.1.1 | 29.00 | OK | |||
r-oldrel-macos-x86_64 | 0.1.1 | 56.00 | OK | |||
r-oldrel-windows-x86_64 | 0.1.1 | 9.00 | 58.00 | 67.00 | OK |
Version: 0.1.1
Check: package dependencies
Result: NOTE
Packages suggested but not available for checking: 'adbcsqlite', 'arrow'
Flavor: r-release-macos-x86_64