CRAN Package Check Results for Package agriTutorial

Last updated on 2025-07-12 12:48:22 CEST.

Flavor Version Tinstall Tcheck Ttotal Status Flags
r-devel-linux-x86_64-debian-clang 0.1.5 12.57 98.79 111.36 NOTE
r-devel-linux-x86_64-debian-gcc 0.1.5 7.38 71.40 78.78 NOTE
r-devel-linux-x86_64-fedora-clang 0.1.5 175.06 OK
r-devel-linux-x86_64-fedora-gcc 0.1.5 196.65 OK
r-devel-windows-x86_64 0.1.5 13.00 106.00 119.00 OK
r-patched-linux-x86_64 0.1.5 11.07 93.48 104.55 OK
r-release-linux-x86_64 0.1.5 10.08 94.28 104.36 OK
r-release-macos-arm64 0.1.5 54.00 OK
r-release-macos-x86_64 0.1.5 98.00 OK
r-release-windows-x86_64 0.1.5 12.00 107.00 119.00 OK
r-oldrel-macos-arm64 0.1.5 59.00 OK
r-oldrel-macos-x86_64 0.1.5 97.00 OK
r-oldrel-windows-x86_64 0.1.5 17.00 129.00 146.00 OK

Check Details

Version: 0.1.5
Check: CRAN incoming feasibility
Result: NOTE Maintainer: ‘Rodney Edmondson <rodney.edmondson@gmail.com>’ Found the following URLs which should use \doi (with the DOI name only): File ‘agriTutorial.Rd’: http://dx.doi.org/10.1111/jac.12267 File ‘example1.Rd’: http://dx.doi.org/10.1111/jac.12267 File ‘example2.Rd’: http://dx.doi.org/10.1111/jac.12267 File ‘example3.Rd’: http://dx.doi.org/10.1111/jac.12267 File ‘example4.Rd’: http://dx.doi.org/10.1111/jac.12267 File ‘example5.Rd’: http://dx.doi.org/10.1111/jac.12267 Flavors: r-devel-linux-x86_64-debian-clang, r-devel-linux-x86_64-debian-gcc

mirror server hosted at Truenetwork, Russian Federation.