Last updated on 2025-11-24 11:50:00 CET.
| Flavor | Version | Tinstall | Tcheck | Ttotal | Status | Flags |
|---|---|---|---|---|---|---|
| r-devel-linux-x86_64-debian-clang | 0.2.0 | 1.61 | 21.50 | 23.11 | OK | |
| r-devel-linux-x86_64-debian-gcc | 0.2.0 | 1.39 | 17.98 | 19.37 | OK | |
| r-devel-linux-x86_64-fedora-clang | 0.2.0 | 35.63 | OK | |||
| r-devel-windows-x86_64 | 0.2.0 | 4.00 | 40.00 | 44.00 | OK | |
| r-patched-linux-x86_64 | 0.2.0 | 1.20 | 20.25 | 21.45 | OK | |
| r-release-linux-x86_64 | 0.2.0 | 1.27 | 20.35 | 21.62 | OK | |
| r-release-macos-arm64 | 0.2.0 | OK | ||||
| r-release-macos-x86_64 | 0.2.0 | 2.00 | 37.00 | 39.00 | OK | |
| r-release-windows-x86_64 | 0.2.0 | 4.00 | 56.00 | 60.00 | OK | |
| r-oldrel-macos-arm64 | 0.2.0 | NOTE | ||||
| r-oldrel-macos-x86_64 | 0.2.0 | 1.00 | 33.00 | 34.00 | NOTE | |
| r-oldrel-windows-x86_64 | 0.2.0 | 3.00 | 47.00 | 50.00 | NOTE |
Version: 0.2.0
Check: LazyData
Result: NOTE
'LazyData' is specified without a 'data' directory
Flavors: r-oldrel-macos-arm64, r-oldrel-macos-x86_64, r-oldrel-windows-x86_64