Last updated on 2025-11-24 11:50:00 CET.
| Flavor | Version | Tinstall | Tcheck | Ttotal | Status | Flags |
|---|---|---|---|---|---|---|
| r-devel-linux-x86_64-debian-clang | 1.7.6 | 13.25 | 141.15 | 154.40 | NOTE | |
| r-devel-linux-x86_64-debian-gcc | 1.7.6 | 8.99 | 103.57 | 112.56 | NOTE | |
| r-devel-linux-x86_64-fedora-clang | 1.7.6 | 32.00 | 196.98 | 228.98 | NOTE | |
| r-devel-windows-x86_64 | 1.7.6 | 22.00 | 179.00 | 201.00 | NOTE | |
| r-patched-linux-x86_64 | 1.7.6 | 12.43 | 133.53 | 145.96 | OK | |
| r-release-linux-x86_64 | 1.7.6 | 10.38 | 132.65 | 143.03 | OK | |
| r-release-macos-arm64 | 1.7.6 | OK | ||||
| r-release-macos-x86_64 | 1.7.6 | 11.00 | 139.00 | 150.00 | OK | |
| r-release-windows-x86_64 | 1.7.6 | 20.00 | 178.00 | 198.00 | OK | |
| r-oldrel-macos-arm64 | 1.7.6 | OK | ||||
| r-oldrel-macos-x86_64 | 1.7.6 | 9.00 | 104.00 | 113.00 | OK | |
| r-oldrel-windows-x86_64 | 1.7.6 | 24.00 | 216.00 | 240.00 | OK |
Version: 1.7.6
Check: Rd files
Result: NOTE
checkRd: (-1) RunModel_GR2M.Rd:62: height/width attributes should be in pixels
checkRd: (-1) RunModel_GR4J.Rd:71: height/width attributes should be in pixels
checkRd: (-1) RunModel_GR5H.Rd:77: height/width attributes should be in pixels
checkRd: (-1) RunModel_GR5J.Rd:72: height/width attributes should be in pixels
checkRd: (-1) RunModel_GR6J.Rd:75: height/width attributes should be in pixels
Flavors: r-devel-linux-x86_64-debian-clang, r-devel-linux-x86_64-debian-gcc, r-devel-linux-x86_64-fedora-clang
Version: 1.7.6
Check: Rd files
Result: NOTE
checkRd: (-1) CreateInputsModel.Rd:69-76: Only 2 columns allowed in this table (row 5 has 1)
checkRd: (-1) CreateInputsModel.Rd:69-76: Only 2 columns allowed in this table (row 8 has 1)
checkRd: (-1) CreateInputsModel.Rd:69-76: Only 2 columns allowed in this table (row 11 has 1)
checkRd: (-1) CreateInputsModel.Rd:69-76: Only 2 columns allowed in this table (row 14 has 1)
checkRd: (-1) ErrorCrit.Rd:34-36: Only 2 columns allowed in this table (row 1 has 1)
checkRd: (-1) ErrorCrit.Rd:39-41: Only 2 columns allowed in this table (row 1 has 1)
checkRd: (-1) RunModel_GR2M.Rd:62: height/width attributes should be in pixels
checkRd: (-1) RunModel_GR4J.Rd:71: height/width attributes should be in pixels
checkRd: (-1) RunModel_GR5H.Rd:77: height/width attributes should be in pixels
checkRd: (-1) RunModel_GR5J.Rd:72: height/width attributes should be in pixels
checkRd: (-1) RunModel_GR6J.Rd:75: height/width attributes should be in pixels
Flavor: r-devel-windows-x86_64