Last updated on 2025-11-03 05:50:34 CET.
| Flavor | Version | Tinstall | Tcheck | Ttotal | Status | Flags | 
|---|---|---|---|---|---|---|
| r-devel-linux-x86_64-debian-clang | 1.4.3 | 9.26 | 78.20 | 87.46 | NOTE | |
| r-devel-linux-x86_64-debian-gcc | 1.4.3 | 7.30 | 55.28 | 62.58 | NOTE | |
| r-devel-linux-x86_64-fedora-clang | 1.4.3 | 45.00 | 100.53 | 145.53 | NOTE | |
| r-devel-linux-x86_64-fedora-gcc | 1.4.3 | 18.00 | 120.29 | 138.29 | NOTE | |
| r-devel-windows-x86_64 | 1.4.3 | 11.00 | 83.00 | 94.00 | NOTE | |
| r-patched-linux-x86_64 | 1.4.3 | 9.68 | 72.15 | 81.83 | NOTE | |
| r-release-linux-x86_64 | 1.4.3 | 7.13 | 72.85 | 79.98 | NOTE | |
| r-release-macos-arm64 | 1.4.3 | 3.00 | 36.00 | 39.00 | NOTE | |
| r-release-macos-x86_64 | 1.4.3 | 7.00 | 69.00 | 76.00 | NOTE | |
| r-release-windows-x86_64 | 1.4.3 | 11.00 | 83.00 | 94.00 | NOTE | |
| r-oldrel-macos-arm64 | 1.4.3 | 4.00 | 42.00 | 46.00 | OK | |
| r-oldrel-macos-x86_64 | 1.4.3 | 13.00 | 117.00 | 130.00 | OK | |
| r-oldrel-windows-x86_64 | 1.4.3 | 16.00 | 127.00 | 143.00 | OK | 
Version: 1.4.3
Check: DESCRIPTION meta-information
Result: NOTE
    Missing dependency on R >= 4.1.0 because package code uses the pipe
    |> or function shorthand \(...) syntax added in R 4.1.0.
    File(s) using such syntax:
      ‘airship.R’
Flavors: r-devel-linux-x86_64-debian-clang, r-devel-linux-x86_64-debian-gcc, r-devel-linux-x86_64-fedora-clang, r-devel-linux-x86_64-fedora-gcc, r-devel-windows-x86_64, r-patched-linux-x86_64, r-release-linux-x86_64, r-release-macos-arm64, r-release-macos-x86_64, r-release-windows-x86_64