Last updated on 2025-11-24 11:50:00 CET.
| Flavor | Version | Tinstall | Tcheck | Ttotal | Status | Flags |
|---|---|---|---|---|---|---|
| r-devel-linux-x86_64-debian-clang | 1.0.2 | 2.85 | 404.33 | 407.18 | NOTE | |
| r-devel-linux-x86_64-debian-gcc | 1.0.2 | 2.11 | 280.34 | 282.45 | NOTE | |
| r-devel-linux-x86_64-fedora-clang | 1.0.2 | 600.02 | NOTE | |||
| r-devel-windows-x86_64 | 1.0.2 | 7.00 | 461.00 | 468.00 | NOTE | |
| r-patched-linux-x86_64 | 1.0.2 | 2.85 | 405.13 | 407.98 | NOTE | |
| r-release-linux-x86_64 | 1.0.2 | 2.61 | 399.45 | 402.06 | NOTE | |
| r-release-macos-arm64 | 1.0.2 | NOTE | ||||
| r-release-macos-x86_64 | 1.0.2 | 3.00 | 481.00 | 484.00 | NOTE | |
| r-release-windows-x86_64 | 1.0.2 | 6.00 | 473.00 | 479.00 | NOTE | |
| r-oldrel-macos-arm64 | 1.0.2 | OK | ||||
| r-oldrel-macos-x86_64 | 1.0.2 | 4.00 | 466.00 | 470.00 | OK | |
| r-oldrel-windows-x86_64 | 1.0.2 | 6.00 | 472.00 | 478.00 | OK |
Version: 1.0.2
Check: DESCRIPTION meta-information
Result: NOTE
Missing dependency on R >= 4.1.0 because package code uses the pipe
|> or function shorthand \(...) syntax added in R 4.1.0.
File(s) using such syntax:
‘lambda_functions.R’ ‘likelihood-space.R’ ‘snc.R’
Flavors: r-devel-linux-x86_64-debian-clang, r-devel-linux-x86_64-debian-gcc, r-devel-linux-x86_64-fedora-clang, r-devel-windows-x86_64, r-patched-linux-x86_64, r-release-linux-x86_64, r-release-macos-arm64, r-release-macos-x86_64, r-release-windows-x86_64