Last updated on 2025-11-03 05:50:34 CET.
| Flavor | Version | Tinstall | Tcheck | Ttotal | Status | Flags |
|---|---|---|---|---|---|---|
| r-devel-linux-x86_64-debian-clang | 0.9.9 | 4.63 | 44.68 | 49.31 | NOTE | |
| r-devel-linux-x86_64-debian-gcc | 0.9.9 | 3.60 | 33.66 | 37.26 | NOTE | |
| r-devel-linux-x86_64-fedora-clang | 0.9.9 | 74.21 | OK | |||
| r-devel-linux-x86_64-fedora-gcc | 0.9.9 | 85.31 | OK | |||
| r-devel-windows-x86_64 | 0.9.9 | 6.00 | 71.00 | 77.00 | OK | |
| r-patched-linux-x86_64 | 0.9.9 | 3.57 | 42.82 | 46.39 | OK | |
| r-release-linux-x86_64 | 0.9.9 | 3.77 | 43.07 | 46.84 | OK | |
| r-release-macos-arm64 | 0.9.9 | 2.00 | 32.00 | 34.00 | OK | |
| r-release-macos-x86_64 | 0.9.9 | 6.00 | 90.00 | 96.00 | OK | |
| r-release-windows-x86_64 | 0.9.9 | 5.00 | 71.00 | 76.00 | OK | |
| r-oldrel-macos-arm64 | 0.9.9 | 2.00 | 34.00 | 36.00 | OK | |
| r-oldrel-macos-x86_64 | 0.9.9 | 4.00 | 71.00 | 75.00 | OK | |
| r-oldrel-windows-x86_64 | 0.9.9 | 8.00 | 79.00 | 87.00 | OK |
Version: 0.9.9
Check: CRAN incoming feasibility
Result: NOTE
Maintainer: ‘Nathan Medina-Rodriguez <nathan.medina@ulpgc.es>’
No Authors@R field in DESCRIPTION.
Please add one, modifying
Authors@R: c(person(given = "Nathan",
family = "Medina-Rodriguez",
role = c("aut", "cre"),
email = "nathan.medina@ulpgc.es"),
person(given = "Angelo",
family = "Santana",
role = "aut"))
as necessary.
Flavors: r-devel-linux-x86_64-debian-clang, r-devel-linux-x86_64-debian-gcc