CRAN Package Check Results for Package alphaOutlier

Last updated on 2025-11-24 11:50:00 CET.

Flavor Version Tinstall Tcheck Ttotal Status Flags
r-devel-linux-x86_64-debian-clang 1.2.0 8.35 81.63 89.98 NOTE
r-devel-linux-x86_64-debian-gcc 1.2.0 6.60 61.02 67.62 NOTE
r-devel-linux-x86_64-fedora-clang 1.2.0 19.00 118.47 137.47 OK
r-devel-windows-x86_64 1.2.0 11.00 94.00 105.00 OK
r-patched-linux-x86_64 1.2.0 8.23 76.10 84.33 OK
r-release-linux-x86_64 1.2.0 8.63 75.44 84.07 OK
r-release-macos-arm64 1.2.0 OK
r-release-macos-x86_64 1.2.0 8.00 82.00 90.00 OK
r-release-windows-x86_64 1.2.0 12.00 121.00 133.00 OK
r-oldrel-macos-arm64 1.2.0 OK
r-oldrel-macos-x86_64 1.2.0 5.00 46.00 51.00 OK
r-oldrel-windows-x86_64 1.2.0 13.00 115.00 128.00 OK

Check Details

Version: 1.2.0
Check: CRAN incoming feasibility
Result: NOTE Maintainer: ‘Andre Rehage <rehage@statistik.tu-dortmund.de>’ No Authors@R field in DESCRIPTION. Please add one, modifying Authors@R: c(person(given = "Andre", family = "Rehage", role = c("aut", "cre"), email = "rehage@statistik.tu-dortmund.de"), person(given = "Sonja", family = "Kuhnt", role = "aut")) as necessary. Found the following \keyword or \concept entries which likely give several index terms: File ‘alphaOutlier-package.Rd’: \keyword{package distribution robust} Flavors: r-devel-linux-x86_64-debian-clang, r-devel-linux-x86_64-debian-gcc

mirror server hosted at Truenetwork, Russian Federation.