CRAN Package Check Results for Package alphabetr

Last updated on 2025-11-22 17:49:23 CET.

Flavor Version Tinstall Tcheck Ttotal Status Flags
r-devel-linux-x86_64-debian-clang 0.2.2 26.88 123.64 150.52 NOTE
r-devel-linux-x86_64-debian-gcc 0.2.2 17.36 93.46 110.82 NOTE
r-devel-linux-x86_64-fedora-clang 0.2.2 37.00 227.47 264.47 NOTE
r-devel-windows-x86_64 0.2.2 47.00 217.00 264.00 OK
r-patched-linux-x86_64 0.2.2 26.10 124.09 150.19 OK
r-release-linux-x86_64 0.2.2 25.39 123.18 148.57 OK
r-release-macos-arm64 0.2.2 OK
r-release-macos-x86_64 0.2.2 12.00 148.00 160.00 OK
r-release-windows-x86_64 0.2.2 36.00 219.00 255.00 OK
r-oldrel-macos-arm64 0.2.2 NOTE
r-oldrel-macos-x86_64 0.2.2 11.00 113.00 124.00 NOTE
r-oldrel-windows-x86_64 0.2.2 42.00 246.00 288.00 NOTE

Check Details

Version: 0.2.2
Check: CRAN incoming feasibility
Result: NOTE Maintainer: ‘Edward Lee <email.edwardlee@gmail.com>’ The BugReports field in DESCRIPTION has http://github.com/edwardslee/alphabetr which should likely be http://github.com/edwardslee/alphabetr/issues instead. Flavors: r-devel-linux-x86_64-debian-clang, r-devel-linux-x86_64-debian-gcc

Version: 0.2.2
Check: compiled code
Result: NOTE File ‘alphabetr/libs/alphabetr.so’: Found no calls to: ‘R_registerRoutines’, ‘R_useDynamicSymbols’ It is good practice to register native routines and to disable symbol search. See ‘Writing portable packages’ in the ‘Writing R Extensions’ manual. Flavor: r-devel-linux-x86_64-fedora-clang

Version: 0.2.2
Check: LazyData
Result: NOTE 'LazyData' is specified without a 'data' directory Flavors: r-oldrel-macos-arm64, r-oldrel-macos-x86_64, r-oldrel-windows-x86_64

mirror server hosted at Truenetwork, Russian Federation.