Last updated on 2025-11-02 23:49:30 CET.
| Flavor | Version | Tinstall | Tcheck | Ttotal | Status | Flags |
|---|---|---|---|---|---|---|
| r-devel-linux-x86_64-debian-clang | 0.1.3 | 2.37 | 34.56 | 36.93 | NOTE | |
| r-devel-linux-x86_64-debian-gcc | 0.1.3 | 2.01 | 27.62 | 29.63 | NOTE | |
| r-devel-linux-x86_64-fedora-clang | 0.1.3 | 53.30 | OK | |||
| r-devel-linux-x86_64-fedora-gcc | 0.1.3 | 64.99 | OK | |||
| r-devel-windows-x86_64 | 0.1.3 | 6.00 | 51.00 | 57.00 | OK | |
| r-patched-linux-x86_64 | 0.1.3 | 2.03 | 31.45 | 33.48 | NOTE | |
| r-release-linux-x86_64 | 0.1.3 | 2.17 | 31.52 | 33.69 | NOTE | |
| r-release-macos-arm64 | 0.1.3 | 2.00 | 34.00 | 36.00 | OK | |
| r-release-macos-x86_64 | 0.1.3 | 2.00 | 51.00 | 53.00 | OK | |
| r-release-windows-x86_64 | 0.1.3 | 5.00 | 50.00 | 55.00 | OK | |
| r-oldrel-macos-arm64 | 0.1.3 | 1.00 | 33.00 | 34.00 | OK | |
| r-oldrel-macos-x86_64 | 0.1.3 | 2.00 | 41.00 | 43.00 | OK | |
| r-oldrel-windows-x86_64 | 0.1.3 | 6.00 | 66.00 | 72.00 | OK |
Version: 0.1.3
Check: for unstated dependencies in ‘demo’
Result: NOTE
'::' or ':::' import not declared from: ‘bslib’
'library' or 'require' call not declared from: ‘shinyjs’
Flavors: r-devel-linux-x86_64-debian-clang, r-devel-linux-x86_64-debian-gcc, r-patched-linux-x86_64, r-release-linux-x86_64