CRAN Package Check Results for Package aorsf

Last updated on 2025-11-03 11:49:36 CET.

Flavor Version Tinstall Tcheck Ttotal Status Flags
r-devel-linux-x86_64-debian-clang 0.1.5 146.23 170.53 316.76 NOTE
r-devel-linux-x86_64-debian-gcc 0.1.5 92.70 119.44 212.14 NOTE
r-devel-linux-x86_64-fedora-clang 0.1.5 255.00 280.32 535.32 NOTE
r-devel-linux-x86_64-fedora-gcc 0.1.5 226.00 297.88 523.88 NOTE
r-devel-windows-x86_64 0.1.5 161.00 170.00 331.00 OK
r-patched-linux-x86_64 0.1.5 149.75 156.76 306.51 OK
r-release-linux-x86_64 0.1.5 146.64 158.48 305.12 OK
r-release-macos-arm64 0.1.5 51.00 84.00 135.00 OK
r-release-macos-x86_64 0.1.5 43.00 131.00 174.00 OK
r-release-windows-x86_64 0.1.5 161.00 165.00 326.00 OK
r-oldrel-macos-arm64 0.1.5 52.00 73.00 125.00 NOTE
r-oldrel-macos-x86_64 0.1.5 57.00 150.00 207.00 NOTE
r-oldrel-windows-x86_64 0.1.5 188.00 218.00 406.00 OK

Check Details

Version: 0.1.5
Check: Rd files
Result: NOTE checkRd: (-1) orsf.Rd:336: height/width attributes should be in pixels Flavors: r-devel-linux-x86_64-debian-clang, r-devel-linux-x86_64-debian-gcc, r-devel-linux-x86_64-fedora-clang, r-devel-linux-x86_64-fedora-gcc

Version: 0.1.5
Check: installed package size
Result: NOTE installed size is 10.4Mb sub-directories of 1Mb or more: libs 8.9Mb Flavors: r-oldrel-macos-arm64, r-oldrel-macos-x86_64

mirror server hosted at Truenetwork, Russian Federation.