CRAN Package Check Results for Package apercu

Last updated on 2025-05-25 06:50:53 CEST.

Flavor Version Tinstall Tcheck Ttotal Status Flags
r-devel-linux-x86_64-debian-clang 0.2.5 1.65 19.07 20.72 NOTE
r-devel-linux-x86_64-debian-gcc 0.2.5 1.34 16.53 17.87 NOTE
r-devel-linux-x86_64-fedora-clang 0.2.5 32.58 NOTE
r-devel-linux-x86_64-fedora-gcc 0.2.5 30.57 NOTE
r-devel-windows-x86_64 0.2.5 3.00 80.00 83.00 OK
r-patched-linux-x86_64 0.2.5 1.78 18.27 20.05 OK
r-release-linux-x86_64 0.2.5 1.38 18.19 19.57 OK
r-release-macos-arm64 0.2.5 19.00 OK
r-release-macos-x86_64 0.2.5 29.00 OK
r-release-windows-x86_64 0.2.5 3.00 41.00 44.00 OK
r-oldrel-macos-arm64 0.2.5 21.00 OK
r-oldrel-macos-x86_64 0.2.5 22.00 OK
r-oldrel-windows-x86_64 0.2.5 3.00 44.00 47.00 OK

Check Details

Version: 0.2.5
Check: CRAN incoming feasibility
Result: NOTE Maintainer: ‘Aurelien Chateigner <aurelien.chateigner@gmail.com>’ No Authors@R field in DESCRIPTION. Please add one, modifying Authors@R: person(given = "Aurelien", family = "Chateigner", role = c("aut", "cre"), email = "aurelien.chateigner@gmail.com") as necessary. Flavors: r-devel-linux-x86_64-debian-clang, r-devel-linux-x86_64-debian-gcc

Version: 0.2.5
Check: dependencies in R code
Result: NOTE Namespace in Imports field not imported from: ‘pls’ All declared Imports should be used. Flavors: r-devel-linux-x86_64-fedora-clang, r-devel-linux-x86_64-fedora-gcc

mirror server hosted at Truenetwork, Russian Federation.