Last updated on 2025-11-24 11:50:00 CET.
| Flavor | Version | Tinstall | Tcheck | Ttotal | Status | Flags |
|---|---|---|---|---|---|---|
| r-devel-linux-x86_64-debian-clang | 0.3.6 | 68.34 | 237.23 | 305.57 | NOTE | |
| r-devel-linux-x86_64-debian-gcc | 0.3.6 | 44.07 | 154.32 | 198.39 | NOTE | |
| r-devel-linux-x86_64-fedora-clang | 0.3.6 | 165.00 | 336.34 | 501.34 | OK | |
| r-devel-windows-x86_64 | 0.3.6 | 88.00 | 220.00 | 308.00 | OK | |
| r-patched-linux-x86_64 | 0.3.6 | 69.20 | 218.15 | 287.35 | NOTE | |
| r-release-linux-x86_64 | 0.3.6 | 72.28 | 221.44 | 293.72 | NOTE | |
| r-release-macos-arm64 | 0.3.6 | OK | ||||
| r-release-macos-x86_64 | 0.3.6 | 86.00 | 221.00 | 307.00 | OK | |
| r-release-windows-x86_64 | 0.3.6 | 76.00 | 219.00 | 295.00 | OK | |
| r-oldrel-macos-arm64 | 0.3.6 | OK | ||||
| r-oldrel-macos-x86_64 | 0.3.6 | 61.00 | 188.00 | 249.00 | OK | |
| r-oldrel-windows-x86_64 | 0.3.6 | 101.00 | 284.00 | 385.00 | OK |
Version: 0.3.6
Check: R code for possible problems
Result: NOTE
Found the following calls to attach():
File ‘apollo/R/apollo_attach.R’:
attach(as.list(apollo_beta), warn.conflicts = FALSE)
attach(database, warn.conflicts = FALSE)
attach(draws, warn.conflicts = FALSE)
attach(randcoeff, warn.conflicts = FALSE)
attach(lcpars, warn.conflicts = FALSE)
See section ‘Good practice’ in ‘?attach’.
Flavors: r-devel-linux-x86_64-debian-clang, r-devel-linux-x86_64-debian-gcc, r-patched-linux-x86_64, r-release-linux-x86_64