CRAN Package Check Results for Package arrayhelpers

Last updated on 2025-11-02 17:49:31 CET.

Flavor Version Tinstall Tcheck Ttotal Status Flags
r-devel-linux-x86_64-debian-clang 1.1-0 2.76 28.56 31.32 NOTE
r-devel-linux-x86_64-debian-gcc 1.1-0 2.05 22.74 24.79 NOTE
r-devel-linux-x86_64-fedora-clang 1.1-0 45.67 OK
r-devel-linux-x86_64-fedora-gcc 1.1-0 43.28 OK
r-devel-windows-x86_64 1.1-0 4.00 53.00 57.00 OK
r-patched-linux-x86_64 1.1-0 2.67 27.17 29.84 OK
r-release-linux-x86_64 1.1-0 2.24 27.04 29.28 OK
r-release-macos-arm64 1.1-0 2.00 19.00 21.00 OK
r-release-macos-x86_64 1.1-0 4.00 41.00 45.00 OK
r-release-windows-x86_64 1.1-0 4.00 51.00 55.00 OK
r-oldrel-macos-arm64 1.1-0 1.00 18.00 19.00 NOTE
r-oldrel-macos-x86_64 1.1-0 2.00 26.00 28.00 NOTE
r-oldrel-windows-x86_64 1.1-0 5.00 59.00 64.00 NOTE

Check Details

Version: 1.1-0
Check: CRAN incoming feasibility
Result: NOTE Maintainer: ‘C. Beleites <claudia.beleites@chemometrix.eu>’ No Authors@R field in DESCRIPTION. Please add one, modifying Authors@R: person(given = "C.", family = "Beleites", role = c("aut", "cre"), email = "claudia.beleites@chemometrix.eu") as necessary. Flavors: r-devel-linux-x86_64-debian-clang, r-devel-linux-x86_64-debian-gcc

Version: 1.1-0
Check: LazyData
Result: NOTE 'LazyData' is specified without a 'data' directory Flavors: r-oldrel-macos-arm64, r-oldrel-macos-x86_64, r-oldrel-windows-x86_64

mirror server hosted at Truenetwork, Russian Federation.