Last updated on 2024-06-27 00:55:58 CEST.
Flavor | Version | Tinstall | Tcheck | Ttotal | Status | Flags |
---|---|---|---|---|---|---|
r-devel-linux-x86_64-debian-clang | 0.3.2 | NOTE | ||||
r-devel-linux-x86_64-debian-gcc | 0.3.2 | 6.82 | 175.58 | 182.40 | NOTE | |
r-devel-linux-x86_64-fedora-clang | 0.3.2 | 308.01 | NOTE | |||
r-devel-linux-x86_64-fedora-gcc | 0.3.2 | 300.83 | NOTE | |||
r-devel-windows-x86_64 | 0.3.2 | 8.00 | 153.00 | 161.00 | NOTE | |
r-patched-linux-x86_64 | 0.3.2 | 14.08 | 233.01 | 247.09 | NOTE | |
r-release-linux-x86_64 | 0.3.2 | 9.30 | 237.02 | 246.32 | NOTE | |
r-release-macos-arm64 | 0.3.2 | 94.00 | NOTE | |||
r-release-macos-x86_64 | 0.3.2 | 133.00 | NOTE | |||
r-release-windows-x86_64 | 0.3.2 | 8.00 | 153.00 | 161.00 | NOTE | |
r-oldrel-macos-arm64 | 0.3.2 | 95.00 | OK | |||
r-oldrel-macos-x86_64 | 0.3.2 | 153.00 | OK | |||
r-oldrel-windows-x86_64 | 0.3.2 | 11.00 | 184.00 | 195.00 | OK |
Version: 0.3.2
Check: Rd files
Result: NOTE
checkRd: (-1) gen.Rd:36: Lost braces; missing escapes or markup?
36 | `gen({...}) returns an \link{iteror}.
| ^
Flavors: r-devel-linux-x86_64-debian-clang, r-devel-linux-x86_64-debian-gcc, r-devel-linux-x86_64-fedora-clang, r-devel-linux-x86_64-fedora-gcc, r-devel-windows-x86_64, r-patched-linux-x86_64, r-release-linux-x86_64, r-release-macos-arm64, r-release-macos-x86_64, r-release-windows-x86_64
Version: 0.3.2
Check: Rd cross-references
Result: NOTE
Undeclared package ‘iterators’ in Rd xrefs
Flavor: r-devel-linux-x86_64-fedora-clang