CRAN Package Check Results for Package attempt

Last updated on 2025-07-12 12:48:23 CEST.

Flavor Version Tinstall Tcheck Ttotal Status Flags
r-devel-linux-x86_64-debian-clang 0.3.1 2.27 38.69 40.96 OK
r-devel-linux-x86_64-debian-gcc 0.3.1 1.81 31.66 33.47 OK
r-devel-linux-x86_64-fedora-clang 0.3.1 62.75 OK
r-devel-linux-x86_64-fedora-gcc 0.3.1 74.15 OK
r-devel-windows-x86_64 0.3.1 5.00 60.00 65.00 OK
r-patched-linux-x86_64 0.3.1 2.23 35.39 37.62 OK
r-release-linux-x86_64 0.3.1 1.83 35.71 37.54 OK
r-release-macos-arm64 0.3.1 38.00 OK
r-release-macos-x86_64 0.3.1 61.00 OK
r-release-windows-x86_64 0.3.1 4.00 59.00 63.00 OK
r-oldrel-macos-arm64 0.3.1 42.00 NOTE
r-oldrel-macos-x86_64 0.3.1 47.00 NOTE
r-oldrel-windows-x86_64 0.3.1 3.00 67.00 70.00 NOTE

Check Details

Version: 0.3.1
Check: LazyData
Result: NOTE 'LazyData' is specified without a 'data' directory Flavors: r-oldrel-macos-arm64, r-oldrel-macos-x86_64, r-oldrel-windows-x86_64

mirror server hosted at Truenetwork, Russian Federation.