CRAN Package Check Results for Package aws.alexa

Last updated on 2025-11-24 11:50:00 CET.

Flavor Version Tinstall Tcheck Ttotal Status Flags
r-devel-linux-x86_64-debian-clang 0.1.8 4.05 42.49 46.54 NOTE
r-devel-linux-x86_64-debian-gcc 0.1.8 3.32 32.52 35.84 NOTE
r-devel-linux-x86_64-fedora-clang 0.1.8 69.78 OK
r-devel-windows-x86_64 0.1.8 10.00 78.00 88.00 OK
r-patched-linux-x86_64 0.1.8 4.03 38.61 42.64 OK
r-release-linux-x86_64 0.1.8 3.69 38.84 42.53 OK
r-release-macos-arm64 0.1.8 OK
r-release-macos-x86_64 0.1.8 6.00 50.00 56.00 OK
r-release-windows-x86_64 0.1.8 10.00 75.00 85.00 OK
r-oldrel-macos-arm64 0.1.8 NOTE
r-oldrel-macos-x86_64 0.1.8 3.00 43.00 46.00 NOTE
r-oldrel-windows-x86_64 0.1.8 11.00 83.00 94.00 NOTE

Check Details

Version: 0.1.8
Check: CRAN incoming feasibility
Result: NOTE Maintainer: ‘Gaurav Sood <gsood07@gmail.com>’ Package CITATION file contains call(s) to old-style personList() or as.personList(). Please use c() on person objects instead. Package CITATION file contains call(s) to old-style citEntry(). Please use bibentry() instead. Flavors: r-devel-linux-x86_64-debian-clang, r-devel-linux-x86_64-debian-gcc

Version: 0.1.8
Check: LazyData
Result: NOTE 'LazyData' is specified without a 'data' directory Flavors: r-oldrel-macos-arm64, r-oldrel-macos-x86_64, r-oldrel-windows-x86_64

mirror server hosted at Truenetwork, Russian Federation.