CRAN Package Check Results for Package aws.kms

Last updated on 2025-07-13 00:48:20 CEST.

Flavor Version Tinstall Tcheck Ttotal Status Flags
r-devel-linux-x86_64-debian-clang 0.1.4 2.16 23.86 26.02 NOTE
r-devel-linux-x86_64-debian-gcc 0.1.4 1.72 19.84 21.56 NOTE
r-devel-linux-x86_64-fedora-clang 0.1.4 37.73 OK
r-devel-linux-x86_64-fedora-gcc 0.1.4 36.32 OK
r-devel-windows-x86_64 0.1.4 6.00 63.00 69.00 OK
r-patched-linux-x86_64 0.1.4 2.33 21.31 23.64 OK
r-release-linux-x86_64 0.1.4 2.14 21.40 23.54 OK
r-release-macos-arm64 0.1.4 36.00 OK
r-release-macos-x86_64 0.1.4 31.00 OK
r-release-windows-x86_64 0.1.4 6.00 67.00 73.00 OK
r-oldrel-macos-arm64 0.1.4 18.00 OK
r-oldrel-macos-x86_64 0.1.4 25.00 OK
r-oldrel-windows-x86_64 0.1.4 7.00 64.00 71.00 OK

Check Details

Version: 0.1.4
Check: CRAN incoming feasibility
Result: NOTE Maintainer: ‘Simon Urbanek <simon.urbanek@R-project.org>’ Package CITATION file contains call(s) to old-style personList() or as.personList(). Please use c() on person objects instead. Package CITATION file contains call(s) to old-style citEntry(). Please use bibentry() instead. Flavors: r-devel-linux-x86_64-debian-clang, r-devel-linux-x86_64-debian-gcc

mirror server hosted at Truenetwork, Russian Federation.