Last updated on 2025-11-22 17:49:24 CET.
| Flavor | Version | Tinstall | Tcheck | Ttotal | Status | Flags |
|---|---|---|---|---|---|---|
| r-devel-linux-x86_64-debian-clang | 0.6.0 | 2.07 | 28.33 | 30.40 | NOTE | |
| r-devel-linux-x86_64-debian-gcc | 0.6.0 | 1.65 | 23.02 | 24.67 | NOTE | |
| r-devel-linux-x86_64-fedora-clang | 0.6.0 | 43.11 | OK | |||
| r-devel-windows-x86_64 | 0.6.0 | 6.00 | 67.00 | 73.00 | OK | |
| r-patched-linux-x86_64 | 0.6.0 | 2.28 | 25.49 | 27.77 | OK | |
| r-release-linux-x86_64 | 0.6.0 | 2.01 | 25.68 | 27.69 | OK | |
| r-release-macos-arm64 | 0.6.0 | OK | ||||
| r-release-macos-x86_64 | 0.6.0 | 4.00 | 32.00 | 36.00 | OK | |
| r-release-windows-x86_64 | 0.6.0 | 7.00 | 66.00 | 73.00 | OK | |
| r-oldrel-macos-arm64 | 0.6.0 | OK | ||||
| r-oldrel-macos-x86_64 | 0.6.0 | 4.00 | 28.00 | 32.00 | OK | |
| r-oldrel-windows-x86_64 | 0.6.0 | 8.00 | 72.00 | 80.00 | OK |
Version: 0.6.0
Check: CRAN incoming feasibility
Result: NOTE
Maintainer: ‘Jonathan Stott <jonathan.stott@magairports.com>’
Package CITATION file contains call(s) to old-style personList() or
as.personList(). Please use c() on person objects instead.
Package CITATION file contains call(s) to old-style citEntry(). Please
use bibentry() instead.
Flavors: r-devel-linux-x86_64-debian-clang, r-devel-linux-x86_64-debian-gcc