Last updated on 2025-11-02 23:49:31 CET.
| Flavor | Version | Tinstall | Tcheck | Ttotal | Status | Flags |
|---|---|---|---|---|---|---|
| r-devel-linux-x86_64-debian-clang | 0.1.1 | 1.68 | 37.65 | 39.33 | NOTE | |
| r-devel-linux-x86_64-debian-gcc | 0.1.1 | 1.39 | 29.22 | 30.61 | NOTE | |
| r-devel-linux-x86_64-fedora-clang | 0.1.1 | 58.26 | NOTE | |||
| r-devel-linux-x86_64-fedora-gcc | 0.1.1 | 71.83 | NOTE | |||
| r-devel-windows-x86_64 | 0.1.1 | 4.00 | 53.00 | 57.00 | NOTE | |
| r-patched-linux-x86_64 | 0.1.1 | 1.70 | 34.30 | 36.00 | NOTE | |
| r-release-linux-x86_64 | 0.1.1 | 1.57 | 34.35 | 35.92 | NOTE | |
| r-release-macos-arm64 | 0.1.1 | 1.00 | 27.00 | 28.00 | NOTE | |
| r-release-macos-x86_64 | 0.1.1 | 2.00 | 81.00 | 83.00 | NOTE | |
| r-release-windows-x86_64 | 0.1.1 | 3.00 | 52.00 | 55.00 | NOTE | |
| r-oldrel-macos-arm64 | 0.1.1 | 1.00 | 31.00 | 32.00 | OK | |
| r-oldrel-macos-x86_64 | 0.1.1 | 2.00 | 42.00 | 44.00 | OK | |
| r-oldrel-windows-x86_64 | 0.1.1 | 5.00 | 62.00 | 67.00 | OK |
Version: 0.1.1
Check: DESCRIPTION meta-information
Result: NOTE
Missing dependency on R >= 4.1.0 because package code uses the pipe
|> or function shorthand \(...) syntax added in R 4.1.0.
File(s) using such syntax:
‘get_cyclone.R’
Flavors: r-devel-linux-x86_64-debian-clang, r-devel-linux-x86_64-debian-gcc, r-devel-linux-x86_64-fedora-clang, r-devel-linux-x86_64-fedora-gcc, r-devel-windows-x86_64, r-patched-linux-x86_64, r-release-linux-x86_64, r-release-macos-arm64, r-release-macos-x86_64, r-release-windows-x86_64