Last updated on 2024-06-26 18:58:35 CEST.
Flavor | Version | Tinstall | Tcheck | Ttotal | Status | Flags |
---|---|---|---|---|---|---|
r-devel-linux-x86_64-debian-clang | 0.0.3 | NOTE | ||||
r-devel-linux-x86_64-debian-gcc | 0.0.3 | 393.23 | 165.84 | 559.07 | NOTE | |
r-devel-linux-x86_64-fedora-clang | 0.0.3 | 812.52 | NOTE | |||
r-devel-linux-x86_64-fedora-gcc | 0.0.3 | 1118.47 | NOTE | |||
r-devel-windows-x86_64 | 0.0.3 | 365.00 | 193.00 | 558.00 | NOTE | |
r-patched-linux-x86_64 | 0.0.3 | 378.41 | 220.51 | 598.92 | NOTE | |
r-release-linux-x86_64 | 0.0.3 | 0.02 | 2.72 | 2.74 | ERROR | |
r-release-macos-arm64 | 0.0.3 | 200.00 | NOTE | |||
r-release-macos-x86_64 | 0.0.3 | 238.00 | NOTE | |||
r-release-windows-x86_64 | 0.0.3 | 374.00 | 197.00 | 571.00 | NOTE | |
r-oldrel-macos-arm64 | 0.0.3 | 278.00 | NOTE | |||
r-oldrel-macos-x86_64 | 0.0.3 | 413.00 | NOTE | |||
r-oldrel-windows-x86_64 | 0.0.3 | 486.00 | 238.00 | 724.00 | NOTE |
Version: 0.0.3
Check: for GNU extensions in Makefiles
Result: NOTE
GNU make is a SystemRequirements.
Flavors: r-devel-linux-x86_64-debian-clang, r-devel-linux-x86_64-debian-gcc, r-devel-linux-x86_64-fedora-clang, r-devel-linux-x86_64-fedora-gcc, r-devel-windows-x86_64, r-patched-linux-x86_64, r-release-macos-arm64, r-release-macos-x86_64, r-release-windows-x86_64, r-oldrel-macos-arm64, r-oldrel-macos-x86_64, r-oldrel-windows-x86_64
Version: 0.0.3
Check: installed package size
Result: NOTE
installed size is 6.1Mb
sub-directories of 1Mb or more:
data 1.1Mb
libs 4.2Mb
Flavors: r-devel-linux-x86_64-fedora-clang, r-devel-windows-x86_64, r-release-macos-arm64, r-release-macos-x86_64, r-release-windows-x86_64, r-oldrel-macos-arm64, r-oldrel-macos-x86_64, r-oldrel-windows-x86_64
Version: 0.0.3
Check: dependencies in R code
Result: NOTE
Namespaces in Imports field not imported from:
‘RcppParallel’ ‘rstantools’
All declared Imports should be used.
Flavors: r-devel-linux-x86_64-fedora-clang, r-devel-linux-x86_64-fedora-gcc
Version: 0.0.3
Check: Rd cross-references
Result: NOTE
Undeclared package ‘tidyselect’ in Rd xrefs
Flavor: r-devel-linux-x86_64-fedora-clang
Version: 0.0.3
Check: whether package can be installed
Result: ERROR
Installation failed.
Flavor: r-release-linux-x86_64