Last updated on 2025-02-22 11:51:20 CET.
Flavor | Version | Tinstall | Tcheck | Ttotal | Status | Flags |
---|---|---|---|---|---|---|
r-devel-linux-x86_64-debian-clang | 0.2.0 | 7.34 | 50.55 | 57.89 | NOTE | |
r-devel-linux-x86_64-debian-gcc | 0.2.0 | 5.24 | 34.28 | 39.52 | NOTE | |
r-devel-linux-x86_64-fedora-clang | 0.2.0 | 89.94 | NOTE | |||
r-devel-linux-x86_64-fedora-gcc | 0.2.0 | 84.03 | NOTE | |||
r-devel-macos-arm64 | 0.2.0 | 29.00 | OK | |||
r-devel-macos-x86_64 | 0.2.0 | 49.00 | NOTE | |||
r-devel-windows-x86_64 | 0.2.0 | 10.00 | 69.00 | 79.00 | NOTE | |
r-patched-linux-x86_64 | 0.2.0 | 6.04 | 45.91 | 51.95 | OK | |
r-release-linux-x86_64 | 0.2.0 | 6.29 | 45.62 | 51.91 | OK | |
r-release-macos-arm64 | 0.2.0 | 28.00 | OK | |||
r-release-macos-x86_64 | 0.2.0 | 45.00 | OK | |||
r-release-windows-x86_64 | 0.2.0 | 10.00 | 64.00 | 74.00 | OK | |
r-oldrel-macos-arm64 | 0.2.0 | 32.00 | OK | |||
r-oldrel-macos-x86_64 | 0.2.0 | 51.00 | OK | |||
r-oldrel-windows-x86_64 | 0.2.0 | 11.00 | 75.00 | 86.00 | OK |
Version: 0.2.0
Check: DESCRIPTION meta-information
Result: NOTE
Missing dependency on R >= 4.1.0 because package code uses the pipe
|> or function shorthand \(...) syntax added in R 4.1.0.
File(s) using such syntax:
‘batchLLM.R’ ‘batchLLM_shiny.R’
Flavors: r-devel-linux-x86_64-debian-clang, r-devel-linux-x86_64-debian-gcc, r-devel-linux-x86_64-fedora-clang, r-devel-linux-x86_64-fedora-gcc, r-devel-macos-x86_64, r-devel-windows-x86_64