CRAN Package Check Results for Package bayesAB

Last updated on 2025-11-03 11:49:36 CET.

Flavor Version Tinstall Tcheck Ttotal Status Flags
r-devel-linux-x86_64-debian-clang 1.1.3 12.18 97.15 109.33 ERROR
r-devel-linux-x86_64-debian-gcc 1.1.3 7.90 66.69 74.59 ERROR
r-devel-linux-x86_64-fedora-clang 1.1.3 29.00 143.64 172.64 ERROR
r-devel-linux-x86_64-fedora-gcc 1.1.3 28.00 153.72 181.72 ERROR
r-devel-windows-x86_64 1.1.3 17.00 122.00 139.00 ERROR
r-patched-linux-x86_64 1.1.3 11.80 91.78 103.58 ERROR
r-release-linux-x86_64 1.1.3 9.69 92.37 102.06 ERROR
r-release-macos-arm64 1.1.3 10.00 67.00 77.00 NOTE
r-release-macos-x86_64 1.1.3 10.00 96.00 106.00 NOTE
r-release-windows-x86_64 1.1.3 18.00 121.00 139.00 ERROR
r-oldrel-macos-arm64 1.1.3 6.00 44.00 50.00 NOTE
r-oldrel-macos-x86_64 1.1.3 9.00 68.00 77.00 NOTE
r-oldrel-windows-x86_64 1.1.3 19.00 153.00 172.00 ERROR

Check Details

Version: 1.1.3
Check: Rd files
Result: NOTE checkRd: (-1) plotDistributions.Rd:32: Lost braces 32 | plot{...} functions are generated programmatically so the function calls in | ^ Flavors: r-devel-linux-x86_64-debian-clang, r-devel-linux-x86_64-debian-gcc, r-devel-linux-x86_64-fedora-clang, r-devel-linux-x86_64-fedora-gcc, r-devel-windows-x86_64, r-patched-linux-x86_64, r-release-linux-x86_64, r-release-macos-arm64, r-release-macos-x86_64, r-release-windows-x86_64, r-oldrel-macos-arm64, r-oldrel-macos-x86_64, r-oldrel-windows-x86_64

Version: 1.1.3
Check: tests
Result: ERROR Running ‘testthat.R’ [28s/35s] Running the tests in ‘tests/testthat.R’ failed. Complete output: > library(testthat) > library(bayesAB) > > test_check("bayesAB") [ FAIL 1 | WARN 5 | SKIP 0 | PASS 140 ] ══ Failed tests ════════════════════════════════════════════════════════════════ ── Failure ('test-dists.R:34:3'): Success ────────────────────────────────────── plotNormalInvGamma(3, 1, 1, 1)$labels$y not equal to "sig_sq". target is NULL, current is character [ FAIL 1 | WARN 5 | SKIP 0 | PASS 140 ] Error: Test failures Execution halted Flavor: r-devel-linux-x86_64-debian-clang

Version: 1.1.3
Check: tests
Result: ERROR Running ‘testthat.R’ [18s/19s] Running the tests in ‘tests/testthat.R’ failed. Complete output: > library(testthat) > library(bayesAB) > > test_check("bayesAB") [ FAIL 1 | WARN 5 | SKIP 0 | PASS 140 ] ══ Failed tests ════════════════════════════════════════════════════════════════ ── Failure ('test-dists.R:34:3'): Success ────────────────────────────────────── plotNormalInvGamma(3, 1, 1, 1)$labels$y not equal to "sig_sq". target is NULL, current is character [ FAIL 1 | WARN 5 | SKIP 0 | PASS 140 ] Error: Test failures Execution halted Flavor: r-devel-linux-x86_64-debian-gcc

Version: 1.1.3
Check: tests
Result: ERROR Running ‘testthat.R’ [45s/67s] Running the tests in ‘tests/testthat.R’ failed. Complete output: > library(testthat) > library(bayesAB) > > test_check("bayesAB") [ FAIL 1 | WARN 5 | SKIP 0 | PASS 140 ] ══ Failed tests ════════════════════════════════════════════════════════════════ ── Failure ('test-dists.R:34:3'): Success ────────────────────────────────────── plotNormalInvGamma(3, 1, 1, 1)$labels$y not equal to "sig_sq". target is NULL, current is character [ FAIL 1 | WARN 5 | SKIP 0 | PASS 140 ] Error: Test failures Execution halted Flavor: r-devel-linux-x86_64-fedora-clang

Version: 1.1.3
Check: tests
Result: ERROR Running ‘testthat.R’ [47s/67s] Running the tests in ‘tests/testthat.R’ failed. Complete output: > library(testthat) > library(bayesAB) > > test_check("bayesAB") [ FAIL 1 | WARN 5 | SKIP 0 | PASS 140 ] ══ Failed tests ════════════════════════════════════════════════════════════════ ── Failure ('test-dists.R:34:3'): Success ────────────────────────────────────── plotNormalInvGamma(3, 1, 1, 1)$labels$y not equal to "sig_sq". target is NULL, current is character [ FAIL 1 | WARN 5 | SKIP 0 | PASS 140 ] Error: Test failures Execution halted Flavor: r-devel-linux-x86_64-fedora-gcc

Version: 1.1.3
Check: tests
Result: ERROR Running 'testthat.R' [28s] Running the tests in 'tests/testthat.R' failed. Complete output: > library(testthat) > library(bayesAB) > > test_check("bayesAB") [ FAIL 1 | WARN 5 | SKIP 0 | PASS 140 ] ══ Failed tests ════════════════════════════════════════════════════════════════ ── Failure ('test-dists.R:34:3'): Success ────────────────────────────────────── plotNormalInvGamma(3, 1, 1, 1)$labels$y not equal to "sig_sq". target is NULL, current is character [ FAIL 1 | WARN 5 | SKIP 0 | PASS 140 ] Error: Test failures Execution halted Flavor: r-devel-windows-x86_64

Version: 1.1.3
Check: tests
Result: ERROR Running ‘testthat.R’ [27s/34s] Running the tests in ‘tests/testthat.R’ failed. Complete output: > library(testthat) > library(bayesAB) > > test_check("bayesAB") [ FAIL 1 | WARN 5 | SKIP 0 | PASS 140 ] ══ Failed tests ════════════════════════════════════════════════════════════════ ── Failure ('test-dists.R:34:3'): Success ────────────────────────────────────── plotNormalInvGamma(3, 1, 1, 1)$labels$y not equal to "sig_sq". target is NULL, current is character [ FAIL 1 | WARN 5 | SKIP 0 | PASS 140 ] Error: Test failures Execution halted Flavor: r-patched-linux-x86_64

Version: 1.1.3
Check: tests
Result: ERROR Running ‘testthat.R’ [27s/35s] Running the tests in ‘tests/testthat.R’ failed. Complete output: > library(testthat) > library(bayesAB) > > test_check("bayesAB") [ FAIL 1 | WARN 5 | SKIP 0 | PASS 140 ] ══ Failed tests ════════════════════════════════════════════════════════════════ ── Failure ('test-dists.R:34:3'): Success ────────────────────────────────────── plotNormalInvGamma(3, 1, 1, 1)$labels$y not equal to "sig_sq". target is NULL, current is character [ FAIL 1 | WARN 5 | SKIP 0 | PASS 140 ] Error: Test failures Execution halted Flavor: r-release-linux-x86_64

Version: 1.1.3
Check: tests
Result: ERROR Running 'testthat.R' [27s] Running the tests in 'tests/testthat.R' failed. Complete output: > library(testthat) > library(bayesAB) > > test_check("bayesAB") [ FAIL 1 | WARN 5 | SKIP 0 | PASS 140 ] ══ Failed tests ════════════════════════════════════════════════════════════════ ── Failure ('test-dists.R:34:3'): Success ────────────────────────────────────── plotNormalInvGamma(3, 1, 1, 1)$labels$y not equal to "sig_sq". target is NULL, current is character [ FAIL 1 | WARN 5 | SKIP 0 | PASS 140 ] Error: Test failures Execution halted Flavor: r-release-windows-x86_64

Version: 1.1.3
Check: tests
Result: ERROR Running 'testthat.R' [34s] Running the tests in 'tests/testthat.R' failed. Complete output: > library(testthat) > library(bayesAB) > > test_check("bayesAB") [ FAIL 1 | WARN 5 | SKIP 0 | PASS 140 ] ══ Failed tests ════════════════════════════════════════════════════════════════ ── Failure ('test-dists.R:34:3'): Success ────────────────────────────────────── plotNormalInvGamma(3, 1, 1, 1)$labels$y not equal to "sig_sq". target is NULL, current is character [ FAIL 1 | WARN 5 | SKIP 0 | PASS 140 ] Error: Test failures Execution halted Flavor: r-oldrel-windows-x86_64

mirror server hosted at Truenetwork, Russian Federation.