Last updated on 2025-11-02 23:49:31 CET.
| Flavor | Version | Tinstall | Tcheck | Ttotal | Status | Flags |
|---|---|---|---|---|---|---|
| r-devel-linux-x86_64-debian-clang | 1.3.4 | 646.86 | 384.73 | 1031.59 | OK | |
| r-devel-linux-x86_64-debian-gcc | 1.3.4 | 520.22 | 312.53 | 832.75 | OK | |
| r-devel-linux-x86_64-fedora-clang | 1.3.4 | 1860.00 | -290.37 | 1569.63 | OK | |
| r-devel-linux-x86_64-fedora-gcc | 1.3.4 | 1680.00 | 172.38 | 1852.38 | OK | |
| r-devel-windows-x86_64 | 1.3.4 | 605.00 | 439.00 | 1044.00 | OK | |
| r-patched-linux-x86_64 | 1.3.4 | 673.31 | 429.86 | 1103.17 | OK | |
| r-release-linux-x86_64 | 1.3.4 | 670.81 | 430.37 | 1101.18 | OK | |
| r-release-macos-arm64 | 1.3.4 | 243.00 | 166.00 | 409.00 | OK | |
| r-release-macos-x86_64 | 1.3.4 | 550.00 | 435.00 | 985.00 | OK | |
| r-release-windows-x86_64 | 1.3.4 | 599.00 | 429.00 | 1028.00 | OK | |
| r-oldrel-macos-arm64 | 1.3.4 | 211.00 | 107.00 | 318.00 | NOTE | |
| r-oldrel-macos-x86_64 | 1.3.4 | 243.00 | 164.00 | 407.00 | NOTE | |
| r-oldrel-windows-x86_64 | 1.3.4 | 710.00 | 572.00 | 1282.00 | NOTE |
Version: 1.3.4
Check: installed package size
Result: NOTE
installed size is 147.5Mb
sub-directories of 1Mb or more:
doc 1.0Mb
libs 146.0Mb
Flavors: r-oldrel-macos-arm64, r-oldrel-macos-x86_64, r-oldrel-windows-x86_64
Version: 1.3.4
Check: for GNU extensions in Makefiles
Result: NOTE
GNU make is a SystemRequirements.
Flavors: r-oldrel-macos-arm64, r-oldrel-macos-x86_64, r-oldrel-windows-x86_64