Last updated on 2025-11-03 05:50:35 CET.
| Flavor | Version | Tinstall | Tcheck | Ttotal | Status | Flags | 
|---|---|---|---|---|---|---|
| r-devel-linux-x86_64-debian-clang | 1.0.0 | 24.26 | 175.46 | 199.72 | OK | |
| r-devel-linux-x86_64-debian-gcc | 1.0.0 | 17.29 | 114.99 | 132.28 | OK | |
| r-devel-linux-x86_64-fedora-clang | 1.0.0 | 166.00 | 169.93 | 335.93 | OK | |
| r-devel-linux-x86_64-fedora-gcc | 1.0.0 | 230.00 | 126.59 | 356.59 | OK | |
| r-devel-windows-x86_64 | 1.0.0 | 29.00 | 342.00 | 371.00 | OK | |
| r-patched-linux-x86_64 | 1.0.0 | 25.02 | 179.26 | 204.28 | OK | |
| r-release-linux-x86_64 | 1.0.0 | 25.28 | 179.63 | 204.91 | OK | |
| r-release-macos-arm64 | 1.0.0 | 10.00 | 119.00 | 129.00 | WARN | |
| r-release-macos-x86_64 | 1.0.0 | 18.00 | 306.00 | 324.00 | OK | |
| r-release-windows-x86_64 | 1.0.0 | 30.00 | 337.00 | 367.00 | OK | |
| r-oldrel-macos-arm64 | 1.0.0 | 11.00 | 125.00 | 136.00 | WARN | |
| r-oldrel-macos-x86_64 | 1.0.0 | 17.00 | 239.00 | 256.00 | NOTE | |
| r-oldrel-windows-x86_64 | 1.0.0 | 38.00 | 438.00 | 476.00 | OK | 
Version: 1.0.0
Check: re-building of vignette outputs
Result: WARN
  Error(s) in re-building vignettes:
  --- re-building ‘article.Rnw’ using Sweave
  Setting levels: control = No, case = Yes
  Loading required package: glmnet
  Loading required package: Matrix
  Loaded glmnet 4.1-8
  Setting levels: control = No, case = Yes
  Setting levels: control = No, case = Yes
  Loading required package: Biostrings
  Loading required package: BiocGenerics
  Loading required package: generics
  
  Attaching package: 'generics'
  
  The following objects are masked from 'package:base':
  
      as.difftime, as.factor, as.ordered, intersect, is.element,
      setdiff, setequal, union
  
  
  Attaching package: 'BiocGenerics'
  
  The following objects are masked from 'package:stats':
  
      IQR, mad, sd, var, xtabs
  
  The following objects are masked from 'package:base':
  
      Filter, Find, Map, Position, Reduce, anyDuplicated, aperm,
      append, as.data.frame, basename, cbind, colnames, dirname,
      do.call, duplicated, eval, evalq, get, grep, grepl,
      is.unsorted, lapply, mapply, match, mget, order, paste,
      pmax, pmax.int, pmin, pmin.int, rank, rbind, rownames,
      sapply, saveRDS, table, tapply, unique, unsplit,
      which.max, which.min
  
  Loading required package: S4Vectors
  Loading required package: stats4
  
  Attaching package: 'S4Vectors'
  
  The following objects are masked from 'package:Matrix':
  
      expand, unname
  
  The following object is masked from 'package:utils':
  
      findMatches
  
  The following objects are masked from 'package:base':
  
      I, expand.grid, unname
  
  Loading required package: IRanges
  Loading required package: XVector
  Loading required package: GenomeInfoDb
  
  Attaching package: 'Biostrings'
  
  The following object is masked from 'package:base':
  
      strsplit
  
  Error: processing vignette 'article.Rnw' failed with diagnostics:
  Running 'texi2dvi' on 'article.tex' failed.
  LaTeX errors:
  !pdfTeX error: pdflatex (file bbm10): Font bbm10 at 657 not found
   ==> Fatal error occurred, no output PDF file produced!
  --- failed re-building 'article.Rnw'
  
  SUMMARY: processing the following file failed:
    'article.Rnw'
  
  Error: Vignette re-building failed.
  Execution halted
Flavor: r-release-macos-arm64
Version: 1.0.0
Check: installed package size
Result: NOTE
    installed size is  6.3Mb
    sub-directories of 1Mb or more:
      extdata   2.3Mb
      libs      3.5Mb
Flavors: r-oldrel-macos-arm64, r-oldrel-macos-x86_64
Version: 1.0.0
Check: re-building of vignette outputs
Result: WARN
  Error(s) in re-building vignettes:
  --- re-building ‘article.Rnw’ using Sweave
  Setting levels: control = No, case = Yes
  Loading required package: glmnet
  Loading required package: Matrix
  Loaded glmnet 4.1-8
  Setting levels: control = No, case = Yes
  Setting levels: control = No, case = Yes
  Loading required package: Biostrings
  Loading required package: BiocGenerics
  
  Attaching package: 'BiocGenerics'
  
  The following objects are masked from 'package:stats':
  
      IQR, mad, sd, var, xtabs
  
  The following objects are masked from 'package:base':
  
      Filter, Find, Map, Position, Reduce, anyDuplicated, aperm,
      append, as.data.frame, basename, cbind, colnames, dirname,
      do.call, duplicated, eval, evalq, get, grep, grepl,
      intersect, is.unsorted, lapply, mapply, match, mget,
      order, paste, pmax, pmax.int, pmin, pmin.int, rank, rbind,
      rownames, sapply, setdiff, table, tapply, union, unique,
      unsplit, which.max, which.min
  
  Loading required package: S4Vectors
  Loading required package: stats4
  
  Attaching package: 'S4Vectors'
  
  The following objects are masked from 'package:Matrix':
  
      expand, unname
  
  The following object is masked from 'package:utils':
  
      findMatches
  
  The following objects are masked from 'package:base':
  
      I, expand.grid, unname
  
  Loading required package: IRanges
  Loading required package: XVector
  Loading required package: GenomeInfoDb
  
  Attaching package: 'Biostrings'
  
  The following object is masked from 'package:base':
  
      strsplit
  
  Error: processing vignette 'article.Rnw' failed with diagnostics:
  Running 'texi2dvi' on 'article.tex' failed.
  LaTeX errors:
  !pdfTeX error: pdflatex (file bbm10): Font bbm10 at 657 not found
   ==> Fatal error occurred, no output PDF file produced!
  --- failed re-building 'article.Rnw'
  
  SUMMARY: processing the following file failed:
    'article.Rnw'
  
  Error: Vignette re-building failed.
  Execution halted
Flavor: r-oldrel-macos-arm64