Last updated on 2025-11-24 11:50:01 CET.
| Flavor | Version | Tinstall | Tcheck | Ttotal | Status | Flags |
|---|---|---|---|---|---|---|
| r-devel-linux-x86_64-debian-clang | 2.0.2 | 77.62 | 34.40 | 112.02 | NOTE | |
| r-devel-linux-x86_64-debian-gcc | 2.0.2 | 50.88 | 27.51 | 78.39 | NOTE | |
| r-devel-linux-x86_64-fedora-clang | 2.0.2 | 142.00 | 79.79 | 221.79 | OK | |
| r-devel-windows-x86_64 | 2.0.2 | 101.00 | 71.00 | 172.00 | OK | |
| r-patched-linux-x86_64 | 2.0.2 | 76.24 | 32.84 | 109.08 | OK | |
| r-release-linux-x86_64 | 2.0.2 | 75.73 | 32.85 | 108.58 | OK | |
| r-release-macos-arm64 | 2.0.2 | OK | ||||
| r-release-macos-x86_64 | 2.0.2 | 25.00 | 45.00 | 70.00 | OK | |
| r-release-windows-x86_64 | 2.0.2 | 91.00 | 72.00 | 163.00 | OK | |
| r-oldrel-macos-arm64 | 2.0.2 | NOTE | ||||
| r-oldrel-macos-x86_64 | 2.0.2 | 12.00 | 33.00 | 45.00 | NOTE | |
| r-oldrel-windows-x86_64 | 2.0.2 | 111.00 | 88.00 | 199.00 | NOTE |
Version: 2.0.2
Check: CRAN incoming feasibility
Result: NOTE
Maintainer: ‘Jared S. Murray <jared.murray@mccombs.utexas.edu>’
The Description field contains
<arXiv:1309.1906>.
Please refer to arXiv e-prints via their arXiv DOI <doi:10.48550/arXiv.YYMM.NNNNN>.
Flavors: r-devel-linux-x86_64-debian-clang, r-devel-linux-x86_64-debian-gcc
Version: 2.0.2
Check: installed package size
Result: NOTE
installed size is 7.5Mb
sub-directories of 1Mb or more:
libs 6.4Mb
Flavors: r-oldrel-macos-arm64, r-oldrel-macos-x86_64
Version: 2.0.2
Check: for GNU extensions in Makefiles
Result: NOTE
GNU make is a SystemRequirements.
Flavors: r-oldrel-macos-arm64, r-oldrel-macos-x86_64, r-oldrel-windows-x86_64