CRAN Package Check Results for Package bea.R

Last updated on 2025-07-11 18:52:12 CEST.

Flavor Version Tinstall Tcheck Ttotal Status Flags
r-devel-linux-x86_64-debian-clang 1.0.6 7.69 60.11 67.80 OK
r-devel-linux-x86_64-debian-gcc 1.0.6 5.52 42.93 48.45 OK
r-devel-linux-x86_64-fedora-clang 1.0.6 105.81 NOTE
r-devel-linux-x86_64-fedora-gcc 1.0.6 101.15 NOTE
r-devel-windows-x86_64 1.0.6 10.00 69.00 79.00 OK
r-patched-linux-x86_64 1.0.6 7.83 56.70 64.53 OK
r-release-linux-x86_64 1.0.6 7.89 56.90 64.79 OK
r-release-macos-arm64 1.0.6 41.00 OK
r-release-macos-x86_64 1.0.6 56.00 OK
r-release-windows-x86_64 1.0.6 11.00 72.00 83.00 OK
r-oldrel-macos-arm64 1.0.6 34.00 OK
r-oldrel-macos-x86_64 1.0.6 54.00 OK
r-oldrel-windows-x86_64 1.0.6 12.00 87.00 99.00 OK

Check Details

Version: 1.0.6
Check: dependencies in R code
Result: NOTE Namespaces in Imports field not imported from: ‘Rcpp’ ‘chron’ ‘colorspace’ ‘gtable’ ‘htmltools’ ‘htmlwidgets’ ‘httpuv’ ‘magrittr’ ‘munsell’ ‘plyr’ ‘scales’ ‘stringi’ ‘xtable’ ‘yaml’ All declared Imports should be used. Flavors: r-devel-linux-x86_64-fedora-clang, r-devel-linux-x86_64-fedora-gcc

mirror server hosted at Truenetwork, Russian Federation.