CRAN Package Check Results for Package benthos

Last updated on 2025-07-10 06:50:15 CEST.

Flavor Version Tinstall Tcheck Ttotal Status Flags
r-devel-linux-x86_64-debian-clang 1.3-9 5.16 75.61 80.77 OK
r-devel-linux-x86_64-debian-gcc 1.3-9 4.32 54.98 59.30 OK
r-devel-linux-x86_64-fedora-clang 1.3-9 68.77 OK
r-devel-linux-x86_64-fedora-gcc 1.3-9 132.41 OK
r-devel-windows-x86_64 1.3-8 8.00 92.00 100.00 NOTE
r-patched-linux-x86_64 1.3-9 6.36 70.73 77.09 OK
r-release-linux-x86_64 1.3-8 5.19 70.12 75.31 NOTE
r-release-macos-arm64 1.3-8 50.00 NOTE
r-release-macos-x86_64 1.3-9 90.00 OK
r-release-windows-x86_64 1.3-9 8.00 95.00 103.00 OK
r-oldrel-macos-arm64 1.3-8 45.00 NOTE
r-oldrel-macos-x86_64 1.3-9 93.00 OK
r-oldrel-windows-x86_64 1.3-9 10.00 112.00 122.00 OK

Check Details

Version: 1.3-8
Check: Rd files
Result: NOTE checkRd: (-1) hill.Rd:39: Lost braces; missing escapes or markup? 39 | \code{a} in {0, 1, 2} (see details))} | ^ checkRd: (-1) read_ambi.Rd:22: Lost braces in \itemize; meant \describe ? checkRd: (-1) read_ambi.Rd:23-24: Lost braces in \itemize; meant \describe ? checkRd: (-1) read_iti.Rd:39: Lost braces in \itemize; meant \describe ? checkRd: (-1) read_iti.Rd:40: Lost braces in \itemize; meant \describe ? checkRd: (-1) read_iti.Rd:41: Lost braces in \itemize; meant \describe ? checkRd: (-1) read_iti.Rd:42: Lost braces in \itemize; meant \describe ? checkRd: (-1) read_taxa.Rd:26: Lost braces in \itemize; meant \describe ? checkRd: (-1) read_taxa.Rd:27: Lost braces in \itemize; meant \describe ? checkRd: (-1) read_taxa.Rd:28: Lost braces in \itemize; meant \describe ? checkRd: (-1) read_taxa.Rd:29: Lost braces in \itemize; meant \describe ? checkRd: (-1) read_twn.Rd:36: Lost braces in \itemize; meant \describe ? checkRd: (-1) read_twn.Rd:37: Lost braces in \itemize; meant \describe ? checkRd: (-1) read_twn.Rd:38: Lost braces in \itemize; meant \describe ? checkRd: (-1) read_twn.Rd:23: Lost braces in \itemize; \value handles \item{}{} directly checkRd: (-1) read_twn.Rd:24: Lost braces in \itemize; \value handles \item{}{} directly checkRd: (-1) read_twn.Rd:25: Lost braces in \itemize; \value handles \item{}{} directly checkRd: (-1) read_twn.Rd:26: Lost braces in \itemize; \value handles \item{}{} directly Flavors: r-devel-windows-x86_64, r-release-linux-x86_64, r-release-macos-arm64, r-oldrel-macos-arm64

mirror server hosted at Truenetwork, Russian Federation.