Last updated on 2025-05-25 06:50:55 CEST.
Flavor | Version | Tinstall | Tcheck | Ttotal | Status | Flags |
---|---|---|---|---|---|---|
r-devel-linux-x86_64-debian-clang | 0.3-1 | 6.76 | 58.07 | 64.83 | NOTE | |
r-devel-linux-x86_64-debian-gcc | 0.3-1 | 4.97 | 43.98 | 48.95 | NOTE | |
r-devel-linux-x86_64-fedora-clang | 0.3-1 | 99.89 | OK | |||
r-devel-linux-x86_64-fedora-gcc | 0.3-1 | 97.32 | OK | |||
r-devel-windows-x86_64 | 0.3-1 | 8.00 | 102.00 | 110.00 | OK | |
r-patched-linux-x86_64 | 0.3-1 | 7.06 | 54.89 | 61.95 | OK | |
r-release-linux-x86_64 | 0.3-1 | 6.87 | 55.50 | 62.37 | OK | |
r-release-macos-arm64 | 0.3-1 | 33.00 | OK | |||
r-release-macos-x86_64 | 0.3-1 | 71.00 | OK | |||
r-release-windows-x86_64 | 0.3-1 | 7.00 | 73.00 | 80.00 | OK | |
r-oldrel-macos-arm64 | 0.3-1 | 32.00 | OK | |||
r-oldrel-macos-x86_64 | 0.3-1 | 47.00 | OK | |||
r-oldrel-windows-x86_64 | 0.3-1 | 10.00 | 84.00 | 94.00 | OK |
Version: 0.3-1
Check: CRAN incoming feasibility
Result: NOTE
Maintainer: ‘Giampiero Marra <giampiero.marra@ucl.ac.uk>’
No Authors@R field in DESCRIPTION.
Please add one, modifying
Authors@R: c(person(given = "Giampiero",
family = "Marra",
role = c("aut", "cre"),
email = "giampiero.marra@ucl.ac.uk"),
person(given = "Raffaella",
family = "Calabrese",
role = "aut"),
person(given = c("Silvia", "Angela"),
family = "Osmetti",
role = "aut"))
as necessary.
Package CITATION file contains call(s) to old-style citEntry(). Please
use bibentry() instead.
Flavors: r-devel-linux-x86_64-debian-clang, r-devel-linux-x86_64-debian-gcc