CRAN Package Check Results for Package bgeva

Last updated on 2025-07-12 06:48:18 CEST.

Flavor Version Tinstall Tcheck Ttotal Status Flags
r-devel-linux-x86_64-debian-clang 0.3-1 5.55 58.90 64.45 NOTE
r-devel-linux-x86_64-debian-gcc 0.3-1 5.78 44.44 50.22 NOTE
r-devel-linux-x86_64-fedora-clang 0.3-1 100.84 OK
r-devel-linux-x86_64-fedora-gcc 0.3-1 95.81 OK
r-devel-windows-x86_64 0.3-1 7.00 70.00 77.00 OK
r-patched-linux-x86_64 0.3-1 7.14 56.29 63.43 OK
r-release-linux-x86_64 0.3-1 6.62 55.67 62.29 OK
r-release-macos-arm64 0.3-1 33.00 OK
r-release-macos-x86_64 0.3-1 71.00 OK
r-release-windows-x86_64 0.3-1 8.00 80.00 88.00 OK
r-oldrel-macos-arm64 0.3-1 32.00 OK
r-oldrel-macos-x86_64 0.3-1 47.00 OK
r-oldrel-windows-x86_64 0.3-1 10.00 84.00 94.00 OK

Check Details

Version: 0.3-1
Check: CRAN incoming feasibility
Result: NOTE Maintainer: ‘Giampiero Marra <giampiero.marra@ucl.ac.uk>’ No Authors@R field in DESCRIPTION. Please add one, modifying Authors@R: c(person(given = "Giampiero", family = "Marra", role = c("aut", "cre"), email = "giampiero.marra@ucl.ac.uk"), person(given = "Raffaella", family = "Calabrese", role = "aut"), person(given = c("Silvia", "Angela"), family = "Osmetti", role = "aut")) as necessary. Package CITATION file contains call(s) to old-style citEntry(). Please use bibentry() instead. Flavors: r-devel-linux-x86_64-debian-clang, r-devel-linux-x86_64-debian-gcc

mirror server hosted at Truenetwork, Russian Federation.