CRAN Package Check Results for Package bibs

Last updated on 2025-11-03 11:49:37 CET.

Flavor Version Tinstall Tcheck Ttotal Status Flags
r-devel-linux-x86_64-debian-clang 1.1.1 2.96 27.40 30.36 NOTE
r-devel-linux-x86_64-debian-gcc 1.1.1 2.24 20.77 23.01 NOTE
r-devel-linux-x86_64-fedora-clang 1.1.1 16.00 31.94 47.94 NOTE
r-devel-linux-x86_64-fedora-gcc 1.1.1 42.51 NOTE
r-devel-windows-x86_64 1.1.1 3.00 45.00 48.00 NOTE
r-patched-linux-x86_64 1.1.1 2.93 25.39 28.32 NOTE
r-release-linux-x86_64 1.1.1 2.55 25.40 27.95 NOTE
r-release-macos-arm64 1.1.1 2.00 15.00 17.00 NOTE
r-release-macos-x86_64 1.1.1 3.00 31.00 34.00 NOTE
r-release-windows-x86_64 1.1.1 4.00 42.00 46.00 NOTE
r-oldrel-macos-arm64 1.1.1 2.00 19.00 21.00 NOTE
r-oldrel-macos-x86_64 1.1.1 4.00 32.00 36.00 NOTE
r-oldrel-windows-x86_64 1.1.1 4.00 45.00 49.00 NOTE

Check Details

Version: 1.1.1
Check: CRAN incoming feasibility
Result: NOTE Maintainer: ‘Mahdi Teimouri <teimouri@aut.ac.ir>’ No Authors@R field in DESCRIPTION. Please add one, modifying Authors@R: person(given = "Mahdi", family = "Teimouri", role = c("aut", "cre"), email = "teimouri@aut.ac.ir") as necessary. Flavors: r-devel-linux-x86_64-debian-clang, r-devel-linux-x86_64-debian-gcc

Version: 1.1.1
Check: Rd files
Result: NOTE checkRd: (-1) Jeffreysbs.Rd:17: Escaped LaTeX specials: \& Flavors: r-devel-linux-x86_64-debian-clang, r-devel-linux-x86_64-debian-gcc, r-devel-linux-x86_64-fedora-clang, r-devel-linux-x86_64-fedora-gcc, r-devel-windows-x86_64, r-patched-linux-x86_64, r-release-linux-x86_64, r-release-macos-arm64, r-release-macos-x86_64, r-release-windows-x86_64, r-oldrel-macos-arm64, r-oldrel-macos-x86_64, r-oldrel-windows-x86_64

mirror server hosted at Truenetwork, Russian Federation.