Last updated on 2025-11-04 11:52:25 CET.
| Flavor | Version | Tinstall | Tcheck | Ttotal | Status | Flags | 
|---|---|---|---|---|---|---|
| r-devel-linux-x86_64-debian-clang | 2.0.3.1 | 16.61 | 124.18 | 140.79 | NOTE | |
| r-devel-linux-x86_64-debian-gcc | 2.0.3.1 | 10.35 | 84.09 | 94.44 | NOTE | |
| r-devel-linux-x86_64-fedora-clang | 2.0.3.1 | 61.00 | 166.70 | 227.70 | OK | |
| r-devel-linux-x86_64-fedora-gcc | 2.0.3.1 | 34.00 | 171.27 | 205.27 | OK | |
| r-devel-windows-x86_64 | 2.0.3.1 | 18.00 | 123.00 | 141.00 | NOTE | |
| r-patched-linux-x86_64 | 2.0.3.1 | 15.38 | 115.24 | 130.62 | NOTE | |
| r-release-linux-x86_64 | 2.0.3.1 | 12.68 | 115.87 | 128.55 | NOTE | |
| r-release-macos-arm64 | 2.0.3.1 | 8.00 | 44.00 | 52.00 | OK | |
| r-release-macos-x86_64 | 2.0.3.1 | 16.00 | 85.00 | 101.00 | OK | |
| r-release-windows-x86_64 | 2.0.3.1 | 18.00 | 120.00 | 138.00 | NOTE | |
| r-oldrel-macos-arm64 | 2.0.3.1 | 7.00 | 42.00 | 49.00 | OK | |
| r-oldrel-macos-x86_64 | 2.0.3.1 | 11.00 | 68.00 | 79.00 | OK | |
| r-oldrel-windows-x86_64 | 2.0.3.1 | 26.00 | 161.00 | 187.00 | OK | 
Version: 2.0.3.1
Check: CRAN incoming feasibility
Result: NOTE
  Maintainer: ‘Sebastian Kaiser <dr.sebastian.kaiser@gmail.com>’
  
  No Authors@R field in DESCRIPTION.
  Please add one, modifying
    Authors@R: c(person(given = "Sebastian",
                        family = "Kaiser",
                        role = c("aut", "cre"),
                        email = "dr.sebastian.kaiser@gmail.com"),
                 person(given = "Rodrigo",
                        family = "Santamaria",
                        role = "aut"),
                 person(given = "Tatsiana",
                        family = "Khamiakova",
                        role = "aut"),
                 person(given = "Martin",
                        family = "Sill",
                        role = "aut"),
                 person(given = "Roberto",
                        family = "Theron",
                        role = "aut"),
                 person(given = "Luis",
                        family = "Quintales",
                        role = "aut"),
                 person(given = "Friedrich",
                        family = "Leisch",
                        role = "aut"),
                 person(given = "Ewoud",
                        family = "De Troyer",
                        role = "aut"),
                 person(given = "Sami",
                        family = "Leon.",
                        role = "aut"))
  as necessary.
Flavors: r-devel-linux-x86_64-debian-clang, r-devel-linux-x86_64-debian-gcc
Version: 2.0.3.1
Check: Rd cross-references
Result: NOTE
  Found the following Rd file(s) with Rd \link{} targets missing package
  anchors:
    diagnosticTest.Rd: additivityTests
  Please provide package anchors for all Rd \link{} targets not in the
  package itself and the base packages.
Flavors: r-devel-linux-x86_64-debian-clang, r-devel-linux-x86_64-debian-gcc, r-devel-windows-x86_64, r-patched-linux-x86_64, r-release-linux-x86_64, r-release-windows-x86_64