CRAN Package Check Results for Package bigDM

Last updated on 2025-07-12 12:48:23 CEST.

Flavor Version Tinstall Tcheck Ttotal Status Flags
r-devel-linux-x86_64-debian-clang 0.5.6 21.78 125.32 147.10 OK
r-devel-linux-x86_64-debian-gcc 0.5.6 16.78 90.27 107.05 OK
r-devel-linux-x86_64-fedora-clang 0.5.6 245.58 OK
r-devel-linux-x86_64-fedora-gcc 0.5.6 241.10 OK
r-devel-windows-x86_64 0.5.6 25.00 130.00 155.00 OK
r-patched-linux-x86_64 0.5.6 24.06 118.89 142.95 OK
r-release-linux-x86_64 0.5.6 23.79 117.24 141.03 OK
r-release-macos-arm64 0.5.6 74.00 OK
r-release-macos-x86_64 0.5.6 154.00 OK
r-release-windows-x86_64 0.5.6 25.00 129.00 154.00 OK
r-oldrel-macos-arm64 0.5.6 67.00 NOTE
r-oldrel-macos-x86_64 0.5.6 130.00 NOTE
r-oldrel-windows-x86_64 0.5.6 32.00 159.00 191.00 OK

Check Details

Version: 0.5.6
Check: package dependencies
Result: NOTE Package suggested but not available for checking: ‘INLA’ Flavors: r-oldrel-macos-arm64, r-oldrel-macos-x86_64

Version: 0.5.6
Check: installed package size
Result: NOTE installed size is 5.6Mb sub-directories of 1Mb or more: data 5.2Mb Flavors: r-oldrel-macos-arm64, r-oldrel-macos-x86_64

mirror server hosted at Truenetwork, Russian Federation.