Last updated on 2024-06-26 18:58:35 CEST.
Flavor | Version | Tinstall | Tcheck | Ttotal | Status | Flags |
---|---|---|---|---|---|---|
r-devel-linux-x86_64-debian-clang | 0.6.4 | NOTE | ||||
r-devel-linux-x86_64-debian-gcc | 0.6.4 | 3.59 | 41.81 | 45.40 | NOTE | |
r-devel-linux-x86_64-fedora-clang | 0.6.4 | 77.48 | NOTE | |||
r-devel-linux-x86_64-fedora-gcc | 0.6.4 | 73.32 | NOTE | |||
r-devel-windows-x86_64 | 0.6.4 | 5.00 | 48.00 | 53.00 | NOTE | |
r-patched-linux-x86_64 | 0.6.4 | 5.87 | 53.49 | 59.36 | NOTE | |
r-release-linux-x86_64 | 0.6.4 | 5.62 | 52.34 | 57.96 | NOTE | |
r-release-macos-arm64 | 0.6.4 | 26.00 | NOTE | |||
r-release-macos-x86_64 | 0.6.4 | 46.00 | NOTE | |||
r-release-windows-x86_64 | 0.6.4 | 5.00 | 62.00 | 67.00 | NOTE | |
r-oldrel-macos-arm64 | 0.6.4 | 30.00 | NOTE | |||
r-oldrel-macos-x86_64 | 0.6.4 | 40.00 | NOTE | |||
r-oldrel-windows-x86_64 | 0.6.4 | 6.00 | 68.00 | 74.00 | NOTE |
Version: 0.6.4
Check: package dependencies
Result: NOTE
Package suggested but not available for checking: ‘rrelaxiv’
Flavors: r-devel-linux-x86_64-debian-clang, r-devel-linux-x86_64-debian-gcc, r-devel-linux-x86_64-fedora-clang, r-devel-linux-x86_64-fedora-gcc, r-devel-windows-x86_64, r-patched-linux-x86_64, r-release-linux-x86_64, r-release-macos-arm64, r-release-macos-x86_64, r-release-windows-x86_64, r-oldrel-macos-arm64, r-oldrel-macos-x86_64, r-oldrel-windows-x86_64