Last updated on 2025-11-03 05:50:36 CET.
| Flavor | Version | Tinstall | Tcheck | Ttotal | Status | Flags | 
|---|---|---|---|---|---|---|
| r-devel-linux-x86_64-debian-clang | 1.0-3 | 3.30 | 41.01 | 44.31 | NOTE | |
| r-devel-linux-x86_64-debian-gcc | 1.0-3 | 2.15 | 30.33 | 32.48 | NOTE | |
| r-devel-linux-x86_64-fedora-clang | 1.0-3 | 16.00 | 49.07 | 65.07 | OK | |
| r-devel-linux-x86_64-fedora-gcc | 1.0-3 | 60.49 | OK | |||
| r-devel-windows-x86_64 | 1.0-3 | 4.00 | 64.00 | 68.00 | OK | |
| r-patched-linux-x86_64 | 1.0-3 | 3.36 | 38.64 | 42.00 | OK | |
| r-release-linux-x86_64 | 1.0-3 | 2.62 | 39.26 | 41.88 | OK | |
| r-release-macos-arm64 | 1.0-3 | 2.00 | 25.00 | 27.00 | OK | |
| r-release-macos-x86_64 | 1.0-3 | 3.00 | 37.00 | 40.00 | OK | |
| r-release-windows-x86_64 | 1.0-3 | 5.00 | 62.00 | 67.00 | OK | |
| r-oldrel-macos-arm64 | 1.0-3 | 2.00 | 24.00 | 26.00 | OK | |
| r-oldrel-macos-x86_64 | 1.0-3 | 3.00 | 31.00 | 34.00 | OK | |
| r-oldrel-windows-x86_64 | 1.0-3 | 6.00 | 74.00 | 80.00 | OK | 
Version: 1.0-3
Check: CRAN incoming feasibility
Result: NOTE
  Maintainer: ‘Matt Nunes <nunesrpackages@gmail.com>’
  
  No Authors@R field in DESCRIPTION.
  Please add one, modifying
    Authors@R: person(given = "Matt",
                      family = "Nunes",
                      role = c("aut", "cre"),
                      email = "nunesrpackages@gmail.com")
  as necessary.
Flavors: r-devel-linux-x86_64-debian-clang, r-devel-linux-x86_64-debian-gcc