Last updated on 2025-11-03 17:49:44 CET.
| Flavor | Version | Tinstall | Tcheck | Ttotal | Status | Flags |
|---|---|---|---|---|---|---|
| r-devel-linux-x86_64-debian-clang | 0.2.2 | 78.12 | 126.79 | 204.91 | OK | |
| r-devel-linux-x86_64-debian-gcc | 0.2.2 | 54.80 | 88.72 | 143.52 | OK | |
| r-devel-linux-x86_64-fedora-clang | 0.2.2 | 223.00 | 146.19 | 369.19 | OK | |
| r-devel-linux-x86_64-fedora-gcc | 0.2.2 | 119.00 | 218.20 | 337.20 | OK | |
| r-devel-windows-x86_64 | 0.2.2 | 83.00 | 160.00 | 243.00 | OK | |
| r-patched-linux-x86_64 | 0.2.2 | 76.60 | 121.16 | 197.76 | OK | |
| r-release-linux-x86_64 | 0.2.2 | 75.06 | 123.50 | 198.56 | OK | |
| r-release-macos-arm64 | 0.2.2 | 32.00 | 54.00 | 86.00 | OK | |
| r-release-macos-x86_64 | 0.2.2 | 37.00 | 127.00 | 164.00 | OK | |
| r-release-windows-x86_64 | 0.2.2 | 88.00 | 152.00 | 240.00 | OK | |
| r-oldrel-macos-arm64 | 0.2.2 | 32.00 | 58.00 | 90.00 | NOTE | |
| r-oldrel-macos-x86_64 | 0.2.2 | 37.00 | 118.00 | 155.00 | NOTE | |
| r-oldrel-windows-x86_64 | 0.2.2 | 105.00 | 197.00 | 302.00 | OK |
Version: 0.2.2
Check: installed package size
Result: NOTE
installed size is 6.6Mb
sub-directories of 1Mb or more:
data 1.1Mb
libs 5.2Mb
Flavors: r-oldrel-macos-arm64, r-oldrel-macos-x86_64