Last updated on 2025-11-04 05:51:06 CET.
| Flavor | Version | Tinstall | Tcheck | Ttotal | Status | Flags | 
|---|---|---|---|---|---|---|
| r-devel-linux-x86_64-debian-clang | 2.1.0 | 2.88 | 36.04 | 38.92 | NOTE | |
| r-devel-linux-x86_64-debian-gcc | 2.1.0 | 2.32 | 27.51 | 29.83 | NOTE | |
| r-devel-linux-x86_64-fedora-clang | 2.1.0 | 16.00 | 44.45 | 60.45 | OK | |
| r-devel-linux-x86_64-fedora-gcc | 2.1.0 | 55.32 | OK | |||
| r-devel-windows-x86_64 | 2.1.0 | 4.00 | 57.00 | 61.00 | OK | |
| r-patched-linux-x86_64 | 2.1.0 | 3.72 | 34.35 | 38.07 | OK | |
| r-release-linux-x86_64 | 2.1.0 | 3.04 | 34.35 | 37.39 | OK | |
| r-release-macos-arm64 | 2.1.0 | 2.00 | 24.00 | 26.00 | OK | |
| r-release-macos-x86_64 | 2.1.0 | 6.00 | 56.00 | 62.00 | OK | |
| r-release-windows-x86_64 | 2.1.0 | 5.00 | 56.00 | 61.00 | OK | |
| r-oldrel-macos-arm64 | 2.1.0 | 2.00 | 24.00 | 26.00 | OK | |
| r-oldrel-macos-x86_64 | 2.1.0 | 3.00 | 28.00 | 31.00 | OK | |
| r-oldrel-windows-x86_64 | 2.1.0 | 4.00 | 65.00 | 69.00 | OK | 
Version: 2.1.0
Check: CRAN incoming feasibility
Result: NOTE
  Maintainer: ‘Antonio Guerrero <jaguerrero@correo.uaa.mx>’
  
  No Authors@R field in DESCRIPTION.
  Please add one, modifying
    Authors@R: c(person(given = "J.A.",
                        family = "Guerrero",
                        role = "aut"),
                 person(given = "J.E.",
                        family = "Macias-Diaz",
                        role = "aut"),
                 person(given = "Antonio",
                        family = "Guerrero",
                        role = "cre",
                        email = "jaguerrero@correo.uaa.mx"))
  as necessary.
Flavors: r-devel-linux-x86_64-debian-clang, r-devel-linux-x86_64-debian-gcc