Last updated on 2025-05-19 18:50:22 CEST.
Flavor | Version | Tinstall | Tcheck | Ttotal | Status | Flags |
---|---|---|---|---|---|---|
r-devel-linux-x86_64-debian-clang | 1.0.2 | 29.32 | 206.31 | 235.63 | NOTE | |
r-devel-linux-x86_64-debian-gcc | 1.0.2 | 20.27 | 142.02 | 162.29 | NOTE | |
r-devel-linux-x86_64-fedora-clang | 1.0.2 | 367.45 | OK | |||
r-devel-linux-x86_64-fedora-gcc | 1.0.2 | 348.41 | OK | |||
r-devel-windows-x86_64 | 1.0.2 | 30.00 | 195.00 | 225.00 | OK | |
r-patched-linux-x86_64 | 1.0.2 | 26.61 | 193.05 | 219.66 | OK | |
r-release-linux-x86_64 | 1.0.2 | 26.01 | 191.60 | 217.61 | OK | |
r-release-macos-arm64 | 1.0.2 | 96.00 | OK | |||
r-release-macos-x86_64 | 1.0.2 | 246.00 | OK | |||
r-release-windows-x86_64 | 1.0.2 | 30.00 | 188.00 | 218.00 | OK | |
r-oldrel-macos-arm64 | 1.0.2 | 82.00 | OK | |||
r-oldrel-macos-x86_64 | 1.0.2 | 180.00 | OK | |||
r-oldrel-windows-x86_64 | 1.0.2 | 40.00 | 235.00 | 275.00 | OK |
Version: 1.0.2
Check: CRAN incoming feasibility
Result: NOTE
Maintainer: ‘Stefan Michiels <stefan.michiels@gustaveroussy.fr>’
No Authors@R field in DESCRIPTION.
Please add one, modifying
Authors@R: c(person(given = "Nils",
family = "Ternes",
role = "aut"),
person(given = "Federico",
family = "Rotolo",
role = "aut"),
person(given = "Stefan",
family = "Michiels",
role = c("aut", "cre"),
email = "stefan.michiels@gustaveroussy.fr"))
as necessary.
Flavors: r-devel-linux-x86_64-debian-clang, r-devel-linux-x86_64-debian-gcc