Last updated on 2025-02-22 11:51:20 CET.
Flavor | Version | Tinstall | Tcheck | Ttotal | Status | Flags |
---|---|---|---|---|---|---|
r-devel-linux-x86_64-debian-clang | 0.2.2 | 8.28 | 60.16 | 68.44 | NOTE | |
r-devel-linux-x86_64-debian-gcc | 0.2.2 | 5.60 | 43.03 | 48.63 | NOTE | |
r-devel-linux-x86_64-fedora-clang | 0.2.2 | 101.55 | NOTE | |||
r-devel-linux-x86_64-fedora-gcc | 0.2.2 | 99.04 | NOTE | |||
r-devel-macos-arm64 | 0.2.2 | 37.00 | OK | |||
r-devel-macos-x86_64 | 0.2.2 | 60.00 | NOTE | |||
r-devel-windows-x86_64 | 0.2.2 | 8.00 | 83.00 | 91.00 | NOTE | |
r-patched-linux-x86_64 | 0.2.2 | 8.10 | 57.19 | 65.29 | OK | |
r-release-linux-x86_64 | 0.2.2 | 7.00 | 56.66 | 63.66 | OK | |
r-release-macos-arm64 | 0.2.2 | 35.00 | NOTE | |||
r-release-macos-x86_64 | 0.2.2 | 85.00 | NOTE | |||
r-release-windows-x86_64 | 0.2.2 | 9.00 | 77.00 | 86.00 | NOTE | |
r-oldrel-macos-arm64 | 0.2.2 | 46.00 | NOTE | |||
r-oldrel-macos-x86_64 | 0.2.2 | 66.00 | NOTE | |||
r-oldrel-windows-x86_64 | 0.2.2 | 8.00 | 91.00 | 99.00 | NOTE |
Version: 0.2.2
Check: DESCRIPTION meta-information
Result: NOTE
Missing dependency on R >= 4.1.0 because package code uses the pipe
|> or function shorthand \(...) syntax added in R 4.1.0.
File(s) using such syntax:
‘poisson.ci.R’
Flavors: r-devel-linux-x86_64-debian-clang, r-devel-linux-x86_64-debian-gcc, r-devel-linux-x86_64-fedora-clang, r-devel-linux-x86_64-fedora-gcc, r-devel-macos-x86_64, r-devel-windows-x86_64
Version: 0.2.2
Check: installed package size
Result: NOTE
installed size is 7.6Mb
sub-directories of 1Mb or more:
doc 7.0Mb
Flavors: r-release-macos-arm64, r-release-macos-x86_64, r-release-windows-x86_64, r-oldrel-macos-arm64, r-oldrel-macos-x86_64, r-oldrel-windows-x86_64