Last updated on 2025-11-24 05:50:17 CET.
| Flavor | Version | Tinstall | Tcheck | Ttotal | Status | Flags |
|---|---|---|---|---|---|---|
| r-devel-linux-x86_64-debian-clang | 1.0.2 | 9.21 | 77.18 | 86.39 | NOTE | |
| r-devel-linux-x86_64-debian-gcc | 1.0.2 | 6.05 | 53.35 | 59.40 | NOTE | |
| r-devel-linux-x86_64-fedora-clang | 1.0.2 | 21.00 | 112.57 | 133.57 | NOTE | |
| r-devel-windows-x86_64 | 1.0.2 | 10.00 | 80.00 | 90.00 | NOTE | |
| r-patched-linux-x86_64 | 1.0.2 | 8.98 | 69.52 | 78.50 | NOTE | |
| r-release-linux-x86_64 | 1.0.2 | 8.59 | 69.12 | 77.71 | NOTE | |
| r-release-macos-arm64 | 1.0.2 | NOTE | ||||
| r-release-macos-x86_64 | 1.0.2 | 6.00 | 57.00 | 63.00 | NOTE | |
| r-release-windows-x86_64 | 1.0.2 | 10.00 | 94.00 | 104.00 | NOTE | |
| r-oldrel-macos-arm64 | 1.0.2 | OK | ||||
| r-oldrel-macos-x86_64 | 1.0.2 | 5.00 | 50.00 | 55.00 | OK | |
| r-oldrel-windows-x86_64 | 1.0.2 | 13.00 | 104.00 | 117.00 | OK |
Version: 1.0.2
Check: DESCRIPTION meta-information
Result: NOTE
Missing dependency on R >= 4.1.0 because package code uses the pipe
|> or function shorthand \(...) syntax added in R 4.1.0.
File(s) using such syntax:
‘PCAbiplot_Helper.R’ ‘TDAbiplot.R’ ‘TDAbiplot.Rd’
‘TDAbiplot_helper.R’ ‘insertAxDeets.R’ ‘insertDataTable.R’
Flavors: r-devel-linux-x86_64-debian-clang, r-devel-linux-x86_64-debian-gcc, r-devel-linux-x86_64-fedora-clang, r-devel-windows-x86_64, r-patched-linux-x86_64, r-release-linux-x86_64, r-release-macos-arm64, r-release-windows-x86_64
Version: 1.0.2
Check: DESCRIPTION meta-information
Result: NOTE
Missing dependency on R >= 4.1.0 because package code uses the pipe
|> or function shorthand \(...) syntax added in R 4.1.0.
File(s) using such syntax:
‘PCAbiplot_Helper.R’ ‘TDAbiplot.R’ ‘TDAbiplot_helper.R’
‘insertAxDeets.R’ ‘insertDataTable.R’
Flavor: r-release-macos-x86_64