CRAN Package Check Results for Package bisque

Last updated on 2025-05-28 06:51:21 CEST.

Flavor Version Tinstall Tcheck Ttotal Status Flags
r-devel-linux-x86_64-debian-clang 1.0.2 83.84 36.29 120.13 NOTE
r-devel-linux-x86_64-debian-gcc 1.0.2 60.95 28.85 89.80 NOTE
r-devel-linux-x86_64-fedora-clang 1.0.2 246.07 NOTE
r-devel-linux-x86_64-fedora-gcc 1.0.2 205.43 NOTE
r-devel-windows-x86_64 1.0.2 100.00 79.00 179.00 NOTE
r-patched-linux-x86_64 1.0.2 87.11 36.00 123.11 NOTE
r-release-linux-x86_64 1.0.2 85.25 35.91 121.16 NOTE
r-release-macos-arm64 1.0.2 71.00 NOTE
r-release-macos-x86_64 1.0.2 74.00 NOTE
r-release-windows-x86_64 1.0.2 101.00 76.00 177.00 NOTE
r-oldrel-macos-arm64 1.0.2 52.00 NOTE
r-oldrel-macos-x86_64 1.0.2 59.00 NOTE
r-oldrel-windows-x86_64 1.0.2 120.00 98.00 218.00 NOTE

Check Details

Version: 1.0.2
Check: CRAN incoming feasibility
Result: NOTE Maintainer: ‘Joshua Hewitt <joshua.hewitt@duke.edu>’ No Authors@R field in DESCRIPTION. Please add one, modifying Authors@R: person(given = "Joshua", family = "Hewitt", role = c("aut", "cre"), email = "joshua.hewitt@duke.edu") as necessary. The Description field contains posterior inference. See Hewitt and Hoeting (2019) <arXiv:1904.07270> Please refer to arXiv e-prints via their arXiv DOI <doi:10.48550/arXiv.YYMM.NNNNN>. Flavors: r-devel-linux-x86_64-debian-clang, r-devel-linux-x86_64-debian-gcc

Version: 1.0.2
Check: C++ specification
Result: NOTE Specified C++11: please drop specification unless essential Flavors: r-devel-linux-x86_64-debian-clang, r-devel-linux-x86_64-debian-gcc, r-devel-linux-x86_64-fedora-clang, r-devel-linux-x86_64-fedora-gcc, r-devel-windows-x86_64, r-patched-linux-x86_64, r-release-linux-x86_64, r-release-macos-arm64, r-release-macos-x86_64, r-release-windows-x86_64, r-oldrel-macos-arm64, r-oldrel-macos-x86_64, r-oldrel-windows-x86_64

Version: 1.0.2
Check: installed package size
Result: NOTE installed size is 7.7Mb sub-directories of 1Mb or more: libs 7.5Mb Flavors: r-oldrel-macos-arm64, r-oldrel-macos-x86_64

mirror server hosted at Truenetwork, Russian Federation.